Last updated on 2024-05-21 00:57:30 CEST.
Flavor | Version | Tinstall | Tcheck | Ttotal | Status | Flags |
---|---|---|---|---|---|---|
r-devel-linux-x86_64-debian-clang | 0.1.0 | 85.97 | 23.81 | 109.78 | NOTE | |
r-devel-linux-x86_64-debian-gcc | 0.1.0 | 62.42 | 18.87 | 81.29 | NOTE | |
r-devel-linux-x86_64-fedora-clang | 0.1.0 | 144.21 | NOTE | |||
r-devel-linux-x86_64-fedora-gcc | 0.1.0 | 143.15 | NOTE | |||
r-devel-windows-x86_64 | 0.1.0 | 79.00 | 53.00 | 132.00 | NOTE | |
r-patched-linux-x86_64 | 0.1.0 | 84.39 | 23.10 | 107.49 | OK | |
r-release-linux-x86_64 | 0.1.0 | 84.04 | 23.17 | 107.21 | OK | |
r-release-macos-arm64 | 0.1.0 | 46.00 | NOTE | |||
r-release-windows-x86_64 | 0.1.0 | 87.00 | 65.00 | 152.00 | OK | |
r-oldrel-macos-arm64 | 0.1.0 | 50.00 | NOTE | |||
r-oldrel-macos-x86_64 | 0.1.0 | 73.00 | NOTE | |||
r-oldrel-windows-x86_64 | 0.1.0 | 91.00 | 68.00 | 159.00 | OK |
Version: 0.1.0
Check: compiled code
Result: NOTE
File ‘ymd/libs/ymd.so’:
Found non-API calls to R: ‘SET_ENCLOS’, ‘SET_ENVFLAGS’, ‘SET_PRCODE’,
‘SET_PRENV’, ‘SET_PRVALUE’
Compiled code should not call non-API entry points in R.
See ‘Writing portable packages’ in the ‘Writing R Extensions’ manual.
Flavors: r-devel-linux-x86_64-debian-clang, r-devel-linux-x86_64-debian-gcc, r-devel-linux-x86_64-fedora-clang, r-devel-linux-x86_64-fedora-gcc
Version: 0.1.0
Check: compiled code
Result: NOTE
File 'ymd/libs/x64/ymd.dll':
Found non-API calls to R: 'SET_ENCLOS', 'SET_ENVFLAGS', 'SET_PRCODE',
'SET_PRENV', 'SET_PRVALUE'
Compiled code should not call non-API entry points in R.
See 'Writing portable packages' in the 'Writing R Extensions' manual.
Flavor: r-devel-windows-x86_64
Version: 0.1.0
Check: installed package size
Result: NOTE
installed size is 7.6Mb
sub-directories of 1Mb or more:
libs 7.5Mb
Flavors: r-release-macos-arm64, r-oldrel-macos-arm64, r-oldrel-macos-x86_64