CRAN Package Check Results for Package zetadiv

Last updated on 2024-02-25 16:52:03 CET.

Flavor Version Tinstall Tcheck Ttotal Status Flags
r-devel-linux-x86_64-debian-clang 1.2.1 12.54 158.18 170.72 NOTE
r-devel-linux-x86_64-debian-gcc 1.2.1 13.36 121.82 135.18 NOTE
r-devel-linux-x86_64-fedora-clang 1.2.1 236.05 NOTE
r-devel-linux-x86_64-fedora-gcc 1.2.1 211.59 OK
r-devel-windows-x86_64 1.2.1 14.00 138.00 152.00 OK
r-patched-linux-x86_64 1.2.1 25.39 153.80 179.19 OK
r-release-linux-x86_64 1.2.1 14.84 152.87 167.71 OK
r-release-macos-arm64 1.2.1 63.00 OK
r-release-macos-x86_64 1.2.1 105.00 OK
r-release-windows-x86_64 1.2.1 20.00 167.00 187.00 OK
r-oldrel-macos-arm64 1.2.1 51.00 OK
r-oldrel-windows-x86_64 1.2.1 20.00 166.00 186.00 OK

Check Details

Version: 1.2.1
Check: Rd files
Result: NOTE checkRd: (-1) glm.cons.Rd:54: Lost braces; missing escapes or markup? 54 | \item{method}{the method used in fitting the model. The default method "\code{glm.fit.cons}" uses function {nnnpls} from package nnls instead of \code{lm.fit} to impose the sign of the coefficients. As in \code{glm}, the alternative method "\code{model.frame}" returns the model frame and does no fitting.} | ^ Flavors: r-devel-linux-x86_64-debian-clang, r-devel-linux-x86_64-debian-gcc, r-devel-linux-x86_64-fedora-clang