CRAN Package Check Results for Package zmisc

Last updated on 2024-02-23 16:53:35 CET.

Flavor Version Tinstall Tcheck Ttotal Status Flags
r-devel-linux-x86_64-debian-clang 0.2.3 OK
r-devel-linux-x86_64-debian-gcc 0.2.3 2.06 27.02 29.08 OK
r-devel-linux-x86_64-fedora-clang 0.2.3 47.84 NOTE
r-devel-linux-x86_64-fedora-gcc 0.2.3 55.38 OK
r-devel-windows-x86_64 0.2.3 3.00 56.00 59.00 OK
r-patched-linux-x86_64 0.2.3 3.05 33.99 37.04 OK
r-release-linux-x86_64 0.2.3 2.18 34.44 36.62 OK
r-release-macos-arm64 0.2.3 28.00 OK
r-release-macos-x86_64 0.2.3 58.00 OK
r-release-windows-x86_64 0.2.3 4.00 58.00 62.00 OK
r-oldrel-macos-arm64 0.2.3 22.00 OK
r-oldrel-windows-x86_64 0.2.3 5.00 54.00 59.00 OK

Check Details

Version: 0.2.3
Check: Rd cross-references
Result: NOTE Undeclared package ‘rlang’ in Rd xrefs Flavor: r-devel-linux-x86_64-fedora-clang