CRAN Package Check Results for Package zoom

Last updated on 2024-02-21 00:54:45 CET.

Flavor Version Tinstall Tcheck Ttotal Status Flags
r-devel-linux-x86_64-debian-clang 2.0.6 NOTE
r-devel-linux-x86_64-debian-gcc 2.0.6 1.99 18.94 20.93 NOTE
r-devel-linux-x86_64-fedora-clang 2.0.6 33.92 OK
r-devel-linux-x86_64-fedora-gcc 2.0.6 32.28 OK
r-devel-windows-x86_64 2.0.6 3.00 41.00 44.00 OK
r-patched-linux-x86_64 2.0.6 2.27 23.71 25.98 OK
r-release-linux-x86_64 2.0.6 2.23 23.62 25.85 OK
r-release-macos-arm64 2.0.6 16.00 OK
r-release-macos-x86_64 2.0.6 20.00 OK
r-release-windows-x86_64 2.0.6 4.00 43.00 47.00 OK
r-oldrel-macos-arm64 2.0.6 18.00 OK
r-oldrel-windows-x86_64 2.0.6 4.00 44.00 48.00 OK

Check Details

Version: 2.0.6
Check: Rd files
Result: NOTE checkRd: (-1) in.zoom.Rd:34: Lost braces in \itemize; meant \describe ? checkRd: (-1) in.zoom.Rd:35: Lost braces in \itemize; meant \describe ? checkRd: (-1) in.zoom.Rd:36: Lost braces in \itemize; meant \describe ? checkRd: (-1) in.zoom.Rd:37: Lost braces in \itemize; meant \describe ? checkRd: (-1) in.zoom.Rd:38: Lost braces in \itemize; meant \describe ? checkRd: (-1) in.zoom.Rd:39: Lost braces in \itemize; meant \describe ? checkRd: (-1) zm.Rd:30: Lost braces in \itemize; meant \describe ? checkRd: (-1) zm.Rd:31: Lost braces in \itemize; meant \describe ? checkRd: (-1) zm.Rd:32: Lost braces in \itemize; meant \describe ? checkRd: (-1) zm.Rd:12: Lost braces in \itemize; meant \describe ? checkRd: (-1) zm.Rd:13: Lost braces in \itemize; meant \describe ? Flavors: r-devel-linux-x86_64-debian-clang, r-devel-linux-x86_64-debian-gcc