CRAN Package Check Results for Package AeroSampleR

Last updated on 2024-07-20 00:56:39 CEST.

Flavor Version Tinstall Tcheck Ttotal Status Flags
r-devel-linux-x86_64-debian-clang 0.2.0 2.30 43.08 45.38 OK
r-devel-linux-x86_64-debian-gcc 0.2.0 2.46 31.93 34.39 OK
r-devel-linux-x86_64-fedora-clang 0.2.0 59.99 NOTE
r-devel-linux-x86_64-fedora-gcc 0.2.0 70.06 NOTE
r-devel-windows-x86_64 0.2.0 5.00 54.00 59.00 OK
r-patched-linux-x86_64 0.2.0 2.42 41.27 43.69 OK
r-release-linux-x86_64 0.2.0 1.91 41.25 43.16 OK
r-release-macos-arm64 0.2.0 27.00 OK
r-release-macos-x86_64 0.2.0 41.00 OK
r-release-windows-x86_64 0.2.0 4.00 56.00 60.00 OK
r-oldrel-macos-arm64 0.2.0 28.00 OK
r-oldrel-macos-x86_64 0.2.0 44.00 OK
r-oldrel-windows-x86_64 0.2.0 5.00 59.00 64.00 OK

Check Details

Version: 0.2.0
Check: dependencies in R code
Result: NOTE Namespace in Imports field not imported from: ‘flextable’ All declared Imports should be used. Flavors: r-devel-linux-x86_64-fedora-clang, r-devel-linux-x86_64-fedora-gcc