CRAN Package Check Results for Package AurieLSHGaussian

Last updated on 2024-07-23 16:48:59 CEST.

Flavor Version Tinstall Tcheck Ttotal Status Flags
r-devel-linux-x86_64-debian-clang 0.2.0 5.51 51.44 56.95 NOTE
r-devel-linux-x86_64-debian-gcc 0.2.0 4.53 37.89 42.42 NOTE
r-devel-linux-x86_64-fedora-clang 0.2.0 69.80 NOTE
r-devel-linux-x86_64-fedora-gcc 0.2.0 65.56 NOTE
r-devel-windows-x86_64 0.2.0 6.00 56.00 62.00 NOTE
r-patched-linux-x86_64 0.2.0 5.32 48.39 53.71 NOTE
r-release-linux-x86_64 0.2.0 5.12 49.41 54.53 NOTE
r-release-macos-arm64 0.2.0 24.00 NOTE
r-release-macos-x86_64 0.2.0 43.00 NOTE
r-release-windows-x86_64 0.2.0 6.00 55.00 61.00 NOTE
r-oldrel-macos-arm64 0.2.0 26.00 NOTE
r-oldrel-macos-x86_64 0.2.0 36.00 NOTE
r-oldrel-windows-x86_64 0.2.0 7.00 62.00 69.00 NOTE

Check Details

Version: 0.2.0
Check: LazyData
Result: NOTE 'LazyData' is specified without a 'data' directory Flavors: r-devel-linux-x86_64-debian-clang, r-devel-linux-x86_64-debian-gcc, r-devel-linux-x86_64-fedora-clang, r-devel-linux-x86_64-fedora-gcc, r-devel-windows-x86_64, r-patched-linux-x86_64, r-release-linux-x86_64, r-release-macos-arm64, r-release-macos-x86_64, r-release-windows-x86_64, r-oldrel-macos-arm64, r-oldrel-macos-x86_64, r-oldrel-windows-x86_64