CRAN Package Check Results for Package BACCT

Last updated on 2024-07-14 08:48:15 CEST.

Flavor Version Tinstall Tcheck Ttotal Status Flags
r-devel-linux-x86_64-debian-clang 1.0 4.11 53.41 57.52 NOTE
r-devel-linux-x86_64-debian-gcc 1.0 4.72 40.03 44.75 NOTE
r-devel-linux-x86_64-fedora-clang 1.0 74.08 NOTE
r-devel-linux-x86_64-fedora-gcc 1.0 68.53 NOTE
r-devel-windows-x86_64 1.0 8.00 60.00 68.00 NOTE
r-patched-linux-x86_64 1.0 5.09 50.65 55.74 NOTE
r-release-linux-x86_64 1.0 6.64 50.45 57.09 NOTE
r-release-macos-arm64 1.0 25.00 NOTE
r-release-macos-x86_64 1.0 47.00 NOTE
r-release-windows-x86_64 1.0 7.00 59.00 66.00 NOTE
r-oldrel-macos-arm64 1.0 26.00 NOTE
r-oldrel-macos-x86_64 1.0 37.00 NOTE
r-oldrel-windows-x86_64 1.0 8.00 66.00 74.00 NOTE

Check Details

Version: 1.0
Check: LazyData
Result: NOTE 'LazyData' is specified without a 'data' directory Flavors: r-devel-linux-x86_64-debian-clang, r-devel-linux-x86_64-debian-gcc, r-devel-linux-x86_64-fedora-clang, r-devel-linux-x86_64-fedora-gcc, r-devel-windows-x86_64, r-patched-linux-x86_64, r-release-linux-x86_64, r-release-macos-arm64, r-release-macos-x86_64, r-release-windows-x86_64, r-oldrel-macos-arm64, r-oldrel-macos-x86_64, r-oldrel-windows-x86_64