CRAN Package Check Results for Package BSPBSS

Last updated on 2024-07-25 16:46:08 CEST.

Flavor Version Tinstall Tcheck Ttotal Status Flags
r-devel-linux-x86_64-debian-clang 1.0.5 46.85 170.99 217.84 NOTE
r-devel-linux-x86_64-debian-gcc 1.0.5 31.30 124.82 156.12 NOTE
r-devel-linux-x86_64-fedora-clang 1.0.5 284.65 NOTE
r-devel-linux-x86_64-fedora-gcc 1.0.5 275.95 NOTE
r-devel-windows-x86_64 1.0.5 37.00 148.00 185.00 NOTE
r-patched-linux-x86_64 1.0.5 NOTE
r-release-linux-x86_64 1.0.5 39.29 163.23 202.52 NOTE
r-release-macos-arm64 1.0.5 87.00 NOTE
r-release-macos-x86_64 1.0.5 137.00 NOTE
r-release-windows-x86_64 1.0.5 42.00 144.00 186.00 NOTE
r-oldrel-macos-arm64 1.0.5 91.00 NOTE
r-oldrel-macos-x86_64 1.0.5 141.00 NOTE
r-oldrel-windows-x86_64 1.0.5 47.00 180.00 227.00 NOTE

Check Details

Version: 1.0.5
Check: C++ specification
Result: NOTE Specified C++11: please drop specification unless essential Flavors: r-devel-linux-x86_64-debian-clang, r-devel-linux-x86_64-debian-gcc, r-devel-linux-x86_64-fedora-clang, r-devel-linux-x86_64-fedora-gcc, r-devel-windows-x86_64, r-patched-linux-x86_64, r-release-linux-x86_64, r-release-macos-arm64, r-release-macos-x86_64, r-release-windows-x86_64, r-oldrel-macos-arm64, r-oldrel-macos-x86_64, r-oldrel-windows-x86_64

Version: 1.0.5
Check: for GNU extensions in Makefiles
Result: NOTE GNU make is a SystemRequirements. Flavors: r-devel-linux-x86_64-debian-clang, r-devel-linux-x86_64-debian-gcc, r-devel-linux-x86_64-fedora-clang, r-devel-linux-x86_64-fedora-gcc, r-devel-windows-x86_64, r-patched-linux-x86_64, r-release-linux-x86_64, r-release-macos-arm64, r-release-macos-x86_64, r-release-windows-x86_64, r-oldrel-macos-arm64, r-oldrel-macos-x86_64, r-oldrel-windows-x86_64