CRAN Package Check Results for Package CGNM

Last updated on 2024-06-15 00:54:02 CEST.

Flavor Version Tinstall Tcheck Ttotal Status Flags
r-devel-linux-x86_64-debian-clang 0.8.0 10.00 357.14 367.14 OK
r-devel-linux-x86_64-debian-gcc 0.9.0 7.86 293.65 301.51 OK
r-devel-linux-x86_64-fedora-clang 0.9.0 390.91 OK
r-devel-linux-x86_64-fedora-gcc 0.9.0 248.30 OK
r-devel-windows-x86_64 0.9.0 3.00 21.00 24.00 ERROR
r-patched-linux-x86_64 0.8.0 8.60 357.72 366.32 OK
r-release-linux-x86_64 0.8.0 8.91 359.92 368.83 OK
r-release-macos-arm64 0.9.0 190.00 OK
r-release-macos-x86_64 0.9.0 466.00 OK
r-release-windows-x86_64 0.9.0 16.00 313.00 329.00 OK
r-oldrel-macos-arm64 0.9.0 331.00 OK
r-oldrel-macos-x86_64 0.9.0 533.00 OK
r-oldrel-windows-x86_64 0.9.0 17.00 336.00 353.00 OK

Check Details

Version: 0.9.0
Check: whether package can be installed
Result: ERROR Installation failed. Flavor: r-devel-windows-x86_64