CRAN Package Check Results for Package CMapViz

Last updated on 2024-07-13 00:55:22 CEST.

Flavor Version Tinstall Tcheck Ttotal Status Flags
r-devel-linux-x86_64-debian-clang 0.1.0 4.47 52.62 57.09 NOTE
r-devel-linux-x86_64-debian-gcc 0.1.0 5.07 40.32 45.39 NOTE
r-devel-linux-x86_64-fedora-clang 0.1.0 75.95 NOTE
r-devel-linux-x86_64-fedora-gcc 0.1.0 70.22 NOTE
r-devel-windows-x86_64 0.1.0 6.00 57.00 63.00 NOTE
r-patched-linux-x86_64 0.1.0 5.70 50.89 56.59 NOTE
r-release-linux-x86_64 0.1.0 4.53 50.63 55.16 NOTE
r-release-macos-arm64 0.1.0 26.00 NOTE
r-release-macos-x86_64 0.1.0 41.00 NOTE
r-release-windows-x86_64 0.1.0 8.00 58.00 66.00 NOTE
r-oldrel-macos-arm64 0.1.0 27.00 NOTE
r-oldrel-macos-x86_64 0.1.0 38.00 NOTE
r-oldrel-windows-x86_64 0.1.0 9.00 65.00 74.00 NOTE

Check Details

Version: 0.1.0
Check: LazyData
Result: NOTE 'LazyData' is specified without a 'data' directory Flavors: r-devel-linux-x86_64-debian-clang, r-devel-linux-x86_64-debian-gcc, r-devel-linux-x86_64-fedora-clang, r-devel-linux-x86_64-fedora-gcc, r-devel-windows-x86_64, r-patched-linux-x86_64, r-release-linux-x86_64, r-release-macos-arm64, r-release-macos-x86_64, r-release-windows-x86_64, r-oldrel-macos-arm64, r-oldrel-macos-x86_64, r-oldrel-windows-x86_64