CRAN Package Check Results for Package CommKern

Last updated on 2024-07-22 00:50:34 CEST.

Flavor Version Tinstall Tcheck Ttotal Status Flags
r-devel-linux-x86_64-debian-clang 1.0.1 4.11 118.91 123.02 NOTE
r-devel-linux-x86_64-debian-gcc 1.0.1 3.05 96.36 99.41 NOTE
r-devel-linux-x86_64-fedora-clang 1.0.1 162.96 NOTE
r-devel-linux-x86_64-fedora-gcc 1.0.1 170.62 NOTE
r-devel-windows-x86_64 1.0.1 6.00 127.00 133.00 NOTE
r-patched-linux-x86_64 1.0.1 4.57 118.09 122.66 NOTE
r-release-linux-x86_64 1.0.1 3.46 124.33 127.79 NOTE
r-release-macos-arm64 1.0.1 59.00 NOTE
r-release-macos-x86_64 1.0.1 101.00 NOTE
r-release-windows-x86_64 1.0.1 6.00 125.00 131.00 NOTE
r-oldrel-macos-arm64 1.0.1 61.00 OK
r-oldrel-macos-x86_64 1.0.1 105.00 OK
r-oldrel-windows-x86_64 1.0.1 7.00 148.00 155.00 OK

Check Details

Version: 1.0.1
Check: Rd files
Result: NOTE checkRd: (-1) count_pairs.Rd:19-20: Lost braces in \itemize; \value handles \item{}{} directly checkRd: (-1) count_pairs.Rd:21-22: Lost braces in \itemize; \value handles \item{}{} directly checkRd: (-1) count_pairs.Rd:23-24: Lost braces in \itemize; \value handles \item{}{} directly checkRd: (-1) count_pairs.Rd:25-26: Lost braces in \itemize; \value handles \item{}{} directly checkRd: (-1) count_pairs.Rd:27-28: Lost braces in \itemize; \value handles \item{}{} directly checkRd: (-1) entropy.Rd:18: Lost braces in \itemize; \value handles \item{}{} directly checkRd: (-1) entropy.Rd:19: Lost braces in \itemize; \value handles \item{}{} directly checkRd: (-1) entropy.Rd:20: Lost braces in \itemize; \value handles \item{}{} directly checkRd: (-1) entropy.Rd:21: Lost braces in \itemize; \value handles \item{}{} directly checkRd: (-1) score_log_nonparam.Rd:36: Lost braces; missing escapes or markup? 36 | {0, 1}. | ^ checkRd: (-1) score_log_semiparam.Rd:40: Lost braces; missing escapes or markup? 40 | values in {0, 1}. | ^ checkRd: (-1) sort_pairs.Rd:18: Lost braces in \itemize; \value handles \item{}{} directly checkRd: (-1) sort_pairs.Rd:19: Lost braces in \itemize; \value handles \item{}{} directly checkRd: (-1) sort_pairs.Rd:20: Lost braces in \itemize; \value handles \item{}{} directly checkRd: (-1) sort_pairs.Rd:21: Lost braces in \itemize; \value handles \item{}{} directly checkRd: (-1) sort_pairs.Rd:22: Lost braces in \itemize; \value handles \item{}{} directly checkRd: (-1) sort_pairs.Rd:23: Lost braces in \itemize; \value handles \item{}{} directly Flavors: r-devel-linux-x86_64-debian-clang, r-devel-linux-x86_64-debian-gcc, r-devel-linux-x86_64-fedora-clang, r-devel-linux-x86_64-fedora-gcc, r-devel-windows-x86_64, r-patched-linux-x86_64, r-release-linux-x86_64, r-release-macos-arm64, r-release-macos-x86_64, r-release-windows-x86_64