CRAN Package Check Results for Package DSLite

Last updated on 2024-07-20 16:49:01 CEST.

Flavor Version Tinstall Tcheck Ttotal Status Flags
r-devel-linux-x86_64-debian-clang 1.4.0 13.25 148.12 161.37 OK
r-devel-linux-x86_64-debian-gcc 1.4.0 11.42 104.98 116.40 OK
r-devel-linux-x86_64-fedora-clang 1.4.0 198.03 OK
r-devel-linux-x86_64-fedora-gcc 1.4.0 241.66 OK
r-devel-windows-x86_64 1.4.0 15.00 131.00 146.00 NOTE
r-patched-linux-x86_64 1.4.0 21.06 141.73 162.79 OK
r-release-linux-x86_64 1.4.0 14.76 140.68 155.44 OK
r-release-macos-arm64 1.4.0 75.00 OK
r-release-macos-x86_64 1.4.0 146.00 OK
r-release-windows-x86_64 1.4.0 15.00 130.00 145.00 OK
r-oldrel-macos-arm64 1.4.0 80.00 OK
r-oldrel-macos-x86_64 1.4.0 130.00 OK
r-oldrel-windows-x86_64 1.4.0 19.00 152.00 171.00 OK

Check Details

Version: 1.4.0
Check: Rd cross-references
Result: NOTE Found the following Rd file(s) with Rd \link{} targets missing package anchors: DSLiteConnection-class.Rd: DSConnection-class DSLiteDriver-class.Rd: DSDriver-class DSLiteResult-class.Rd: DSResult-class getDSLiteData.Rd: DSConnection-class setupCNSIMTest.Rd: datashield.login setupDASIMTest.Rd: datashield.login setupDATASETTest.Rd: datashield.login setupDISCORDANTTest.Rd: datashield.login setupDSLiteServer.Rd: datashield.login setupSURVIVALTest.Rd: datashield.login Please provide package anchors for all Rd \link{} targets not in the package itself and the base packages. Flavor: r-devel-windows-x86_64