CRAN Package Check Results for Package DandEFA

Last updated on 2024-07-14 08:48:18 CEST.

Flavor Version Tinstall Tcheck Ttotal Status Flags
r-devel-linux-x86_64-debian-clang 1.6 2.17 32.89 35.06 OK
r-devel-linux-x86_64-debian-gcc 1.6 2.05 24.53 26.58 OK
r-devel-linux-x86_64-fedora-clang 1.6 43.59 OK
r-devel-linux-x86_64-fedora-gcc 1.6 40.93 OK
r-devel-windows-x86_64 1.6 4.00 49.00 53.00 NOTE
r-patched-linux-x86_64 1.6 4.36 30.49 34.85 OK
r-release-linux-x86_64 1.6 2.41 31.71 34.12 OK
r-release-macos-arm64 1.6 17.00 OK
r-release-macos-x86_64 1.6 26.00 OK
r-release-windows-x86_64 1.6 3.00 47.00 50.00 OK
r-oldrel-macos-arm64 1.6 17.00 OK
r-oldrel-macos-x86_64 1.6 27.00 OK
r-oldrel-windows-x86_64 1.6 4.00 50.00 54.00 OK

Check Details

Version: 1.6
Check: Rd cross-references
Result: NOTE Found the following Rd file(s) with Rd \link{} targets missing package anchors: factload.Rd: polychor Please provide package anchors for all Rd \link{} targets not in the package itself and the base packages. Flavor: r-devel-windows-x86_64