CRAN Package Check Results for Package DemoKin

Last updated on 2024-06-22 00:57:56 CEST.

Flavor Version Tinstall Tcheck Ttotal Status Flags
r-devel-linux-x86_64-debian-clang 1.0.3 5.80 460.25 466.05 NOTE
r-devel-linux-x86_64-debian-gcc 1.0.3 4.31 407.54 411.85 NOTE
r-devel-linux-x86_64-fedora-clang 1.0.3 629.48 NOTE
r-devel-linux-x86_64-fedora-gcc 1.0.3 653.65 NOTE
r-devel-windows-x86_64 1.0.3 6.00 356.00 362.00 NOTE
r-patched-linux-x86_64 1.0.3 5.14 516.85 521.99 NOTE
r-release-linux-x86_64 1.0.3 6.67 509.18 515.85 NOTE
r-release-macos-arm64 1.0.3 160.00 NOTE
r-release-macos-x86_64 1.0.3 260.00 NOTE
r-release-windows-x86_64 1.0.3 7.00 381.00 388.00 NOTE
r-oldrel-macos-arm64 1.0.3 166.00 NOTE
r-oldrel-macos-x86_64 1.0.3 339.00 NOTE
r-oldrel-windows-x86_64 1.0.3 7.00 442.00 449.00 NOTE

Check Details

Version: 1.0.3
Check: Rd files
Result: NOTE checkRd: (-1) kin.Rd:49-50: Lost braces in \itemize; \value handles \item{}{} directly checkRd: (-1) kin.Rd:51-52: Lost braces in \itemize; \value handles \item{}{} directly checkRd: (-1) kin.Rd:53-61: Lost braces 53 | {\itemize{ | ^ checkRd: (-1) kin.Rd:54: Lost braces in \itemize; \value handles \item{}{} directly checkRd: (-1) kin.Rd:55: Lost braces in \itemize; \value handles \item{}{} directly checkRd: (-1) kin.Rd:56: Lost braces in \itemize; \value handles \item{}{} directly checkRd: (-1) kin.Rd:57: Lost braces in \itemize; \value handles \item{}{} directly checkRd: (-1) kin.Rd:58: Lost braces in \itemize; \value handles \item{}{} directly checkRd: (-1) kin.Rd:59: Lost braces in \itemize; \value handles \item{}{} directly checkRd: (-1) kin2sex.Rd:56-57: Lost braces in \itemize; \value handles \item{}{} directly checkRd: (-1) kin2sex.Rd:58: Lost braces in \itemize; \value handles \item{}{} directly checkRd: (-1) kin2sex.Rd:59-67: Lost braces 59 | {\itemize{ | ^ checkRd: (-1) kin2sex.Rd:60: Lost braces in \itemize; \value handles \item{}{} directly checkRd: (-1) kin2sex.Rd:61: Lost braces in \itemize; \value handles \item{}{} directly checkRd: (-1) kin2sex.Rd:62: Lost braces in \itemize; \value handles \item{}{} directly checkRd: (-1) kin2sex.Rd:63: Lost braces in \itemize; \value handles \item{}{} directly checkRd: (-1) kin2sex.Rd:64: Lost braces in \itemize; \value handles \item{}{} directly checkRd: (-1) kin2sex.Rd:65: Lost braces in \itemize; \value handles \item{}{} directly Flavors: r-devel-linux-x86_64-debian-clang, r-devel-linux-x86_64-debian-gcc, r-devel-linux-x86_64-fedora-clang, r-devel-linux-x86_64-fedora-gcc, r-devel-windows-x86_64, r-patched-linux-x86_64, r-release-linux-x86_64, r-release-macos-arm64, r-release-macos-x86_64, r-release-windows-x86_64

Version: 1.0.3
Check: installed package size
Result: NOTE installed size is 5.8Mb sub-directories of 1Mb or more: data 1.2Mb doc 3.1Mb help 1.3Mb Flavors: r-devel-linux-x86_64-fedora-clang, r-devel-windows-x86_64, r-release-macos-arm64, r-release-macos-x86_64, r-release-windows-x86_64, r-oldrel-macos-arm64, r-oldrel-macos-x86_64, r-oldrel-windows-x86_64