CRAN Package Check Results for Package DisaggregateTS

Last updated on 2024-06-16 00:58:18 CEST.

Flavor Version Tinstall Tcheck Ttotal Status Flags
r-devel-linux-x86_64-debian-clang 2.0.0 8.68 68.88 77.56 NOTE
r-devel-linux-x86_64-debian-gcc 2.0.0 6.17 52.32 58.49 NOTE
r-devel-linux-x86_64-fedora-clang 2.0.0 93.40 NOTE
r-devel-linux-x86_64-fedora-gcc 2.0.0 93.84 NOTE
r-devel-windows-x86_64 2.0.0 7.00 67.00 74.00 NOTE
r-patched-linux-x86_64 2.0.0 8.05 66.46 74.51 NOTE
r-release-linux-x86_64 2.0.0 8.60 65.60 74.20 NOTE
r-release-macos-arm64 2.0.0 30.00 NOTE
r-release-macos-x86_64 2.0.0 46.00 NOTE
r-release-windows-x86_64 2.0.0 7.00 14.00 21.00 OK
r-oldrel-macos-arm64 2.0.0 31.00 NOTE
r-oldrel-macos-x86_64 2.0.0 49.00 NOTE
r-oldrel-windows-x86_64 2.0.0 10.00 82.00 92.00 NOTE

Check Details

Version: 2.0.0
Check: Rd files
Result: NOTE checkRd: (-1) TempDisaggDGP.Rd:79: Escaped LaTeX specials: \& checkRd: (-1) disaggregate.Rd:56: Escaped LaTeX specials: \& Flavors: r-devel-linux-x86_64-debian-clang, r-devel-linux-x86_64-debian-gcc, r-devel-linux-x86_64-fedora-clang, r-devel-linux-x86_64-fedora-gcc, r-devel-windows-x86_64, r-patched-linux-x86_64, r-release-linux-x86_64, r-release-macos-arm64, r-release-macos-x86_64, r-oldrel-macos-arm64, r-oldrel-macos-x86_64, r-oldrel-windows-x86_64