CRAN Package Check Results for Package DiscreteTests

Last updated on 2024-07-15 16:56:19 CEST.

Flavor Version Tinstall Tcheck Ttotal Status Flags
r-devel-linux-x86_64-debian-clang 0.1.3 3.86 27.72 31.58 OK
r-devel-linux-x86_64-debian-gcc 0.1.3 3.80 21.44 25.24 OK
r-devel-linux-x86_64-fedora-clang 0.1.3 41.83 NOTE
r-devel-linux-x86_64-fedora-gcc 0.1.3 38.87 OK
r-devel-windows-x86_64 0.1.3 4.00 44.00 48.00 OK
r-patched-linux-x86_64 0.1.3 4.87 26.32 31.19 OK
r-release-linux-x86_64 0.1.3 3.77 26.17 29.94 OK
r-release-macos-arm64 0.1.3 18.00 OK
r-release-macos-x86_64 0.1.3 40.00 OK
r-release-windows-x86_64 0.1.3 5.00 46.00 51.00 OK
r-oldrel-macos-arm64 0.1.3 23.00 OK
r-oldrel-macos-x86_64 0.1.3 35.00 OK
r-oldrel-windows-x86_64 0.1.3 6.00 47.00 53.00 OK

Check Details

Version: 0.1.3
Check: Rd cross-references
Result: NOTE Undeclared packages ‘DiscreteFDR’, ‘FDX’ in Rd xrefs Flavor: r-devel-linux-x86_64-fedora-clang