CRAN Package Check Results for Package DriftBurstHypothesis

Last updated on 2024-06-14 20:49:41 CEST.

Flavor Version Tinstall Tcheck Ttotal Status Flags
r-devel-linux-x86_64-debian-clang 0.4.0.1 49.04 43.03 92.07 NOTE
r-devel-linux-x86_64-debian-gcc 0.4.0.1 34.09 50.79 84.88 NOTE
r-devel-linux-x86_64-fedora-clang 0.4.0.1 135.88 NOTE
r-devel-linux-x86_64-fedora-gcc 0.4.0.1 137.02 NOTE
r-devel-windows-x86_64 0.4.0.1 39.00 75.00 114.00 NOTE
r-patched-linux-x86_64 0.4.0.1 39.31 58.26 97.57 NOTE
r-release-linux-x86_64 0.4.0.1 41.04 53.87 94.91 NOTE
r-release-macos-arm64 0.4.0.1 33.00 NOTE
r-release-macos-x86_64 0.4.0.1 41.00 NOTE
r-release-windows-x86_64 0.4.0.1 39.00 27.00 66.00 ERROR
r-oldrel-macos-arm64 0.4.0.1 38.00 NOTE
r-oldrel-macos-x86_64 0.4.0.1 59.00 NOTE
r-oldrel-windows-x86_64 0.4.0.1 48.00 87.00 135.00 NOTE

Check Details

Version: 0.4.0.1
Check: C++ specification
Result: NOTE Specified C++11: please drop specification unless essential Flavors: r-devel-linux-x86_64-debian-clang, r-devel-linux-x86_64-debian-gcc, r-devel-linux-x86_64-fedora-clang, r-devel-linux-x86_64-fedora-gcc, r-devel-windows-x86_64, r-patched-linux-x86_64, r-release-linux-x86_64, r-release-macos-arm64, r-release-macos-x86_64, r-release-windows-x86_64, r-oldrel-macos-arm64, r-oldrel-macos-x86_64, r-oldrel-windows-x86_64

Version: 0.4.0.1
Check: R code for possible problems
Result: NOTE During startup - Warning message: package 'utils' in options("defaultPackages") was not found Flavor: r-release-windows-x86_64

Version: 0.4.0.1
Check: examples
Result: ERROR Running massageExamples to create 'DriftBurstHypothesis-Ex.R' failed NONE Flavor: r-release-windows-x86_64

Version: 0.4.0.1
Check: tests
Result: ERROR
Flavor: r-release-windows-x86_64

Version: 0.4.0.1
Check: PDF version of manual
Result: WARN LaTeX errors when creating PDF version. This typically indicates Rd problems. Flavor: r-release-windows-x86_64

Version: 0.4.0.1
Check: PDF version of manual without index
Result: ERROR Re-running with no redirection of stdout/stderr. Flavor: r-release-windows-x86_64