CRAN Package Check Results for Package ECoL

Last updated on 2024-06-14 20:03:19 CEST.

Flavor Version Tinstall Tcheck Ttotal Status Flags
r-devel-linux-x86_64-debian-clang 0.3.0 3.78 53.37 57.15 NOTE
r-devel-linux-x86_64-debian-gcc 0.3.0 2.80 38.99 41.79 NOTE
r-devel-linux-x86_64-fedora-clang 0.3.0 69.96 NOTE
r-devel-linux-x86_64-fedora-gcc 0.3.0 66.72 NOTE
r-devel-windows-x86_64 0.3.0 4.00 58.00 62.00 NOTE
r-patched-linux-x86_64 0.3.0 4.03 51.09 55.12 NOTE
r-release-linux-x86_64 0.3.0 3.75 50.90 54.65 NOTE
r-release-macos-arm64 0.3.0 21.00 NOTE
r-release-macos-x86_64 0.3.0 33.00 NOTE
r-release-windows-x86_64 0.3.0 4.00 64.00 68.00 NOTE
r-oldrel-macos-arm64 0.3.0 24.00 NOTE
r-oldrel-macos-x86_64 0.3.0 34.00 NOTE
r-oldrel-windows-x86_64 0.3.0 4.00 68.00 72.00 NOTE

Check Details

Version: 0.3.0
Check: LazyData
Result: NOTE 'LazyData' is specified without a 'data' directory Flavors: r-devel-linux-x86_64-debian-clang, r-devel-linux-x86_64-debian-gcc, r-devel-linux-x86_64-fedora-clang, r-devel-linux-x86_64-fedora-gcc, r-devel-windows-x86_64, r-patched-linux-x86_64, r-release-linux-x86_64, r-release-macos-arm64, r-release-macos-x86_64, r-release-windows-x86_64, r-oldrel-macos-arm64, r-oldrel-macos-x86_64, r-oldrel-windows-x86_64