CRAN Package Check Results for Package EEAaq

Last updated on 2024-07-22 00:50:35 CEST.

Flavor Version Tinstall Tcheck Ttotal Status Flags
r-devel-linux-x86_64-debian-clang 0.0.3 15.01 61.69 76.70 OK
r-devel-linux-x86_64-debian-gcc 0.0.3 8.86 46.20 55.06 NOTE
r-devel-linux-x86_64-fedora-clang 0.0.3 89.98 NOTE
r-devel-linux-x86_64-fedora-gcc 0.0.3 84.42 NOTE
r-devel-windows-x86_64 0.0.3 14.00 63.00 77.00 NOTE
r-patched-linux-x86_64 0.0.3 21.73 60.00 81.73 OK
r-release-linux-x86_64 0.0.3 9.56 59.98 69.54 OK
r-release-macos-arm64 0.0.3 30.00 OK
r-release-macos-x86_64 0.0.3 43.00 OK
r-release-windows-x86_64 0.0.3 13.00 63.00 76.00 OK
r-oldrel-macos-arm64 0.0.3 40.00 OK
r-oldrel-macos-x86_64 0.0.3 63.00 OK
r-oldrel-windows-x86_64 0.0.3 16.00 73.00 89.00 OK

Check Details

Version: 0.0.3
Check: Rd cross-references
Result: NOTE Found the following Rd file(s) with Rd \link{} targets missing package anchors: EEAaq_idw_map.Rd: idw, leaflet, addProviderTiles Please provide package anchors for all Rd \link{} targets not in the package itself and the base packages. Flavors: r-devel-linux-x86_64-debian-gcc, r-devel-windows-x86_64

Version: 0.0.3
Check: data for non-ASCII characters
Result: NOTE Note: found 136358 marked UTF-8 strings Flavors: r-devel-linux-x86_64-fedora-clang, r-devel-linux-x86_64-fedora-gcc