CRAN Package Check Results for Package ETAS

Last updated on 2024-07-23 00:54:27 CEST.

Flavor Version Tinstall Tcheck Ttotal Status Flags
r-devel-linux-x86_64-debian-clang 0.6.1 47.05 109.67 156.72 OK
r-devel-linux-x86_64-debian-gcc 0.6.1 24.44 83.42 107.86 NOTE
r-devel-linux-x86_64-fedora-clang 0.6.1 200.12 OK
r-devel-linux-x86_64-fedora-gcc 0.6.1 210.33 OK
r-devel-windows-x86_64 0.6.1 30.00 139.00 169.00 NOTE
r-patched-linux-x86_64 0.6.1 40.95 108.21 149.16 OK
r-release-linux-x86_64 0.6.1 28.38 105.41 133.79 OK
r-release-macos-arm64 0.6.1 64.00 OK
r-release-macos-x86_64 0.6.1 97.00 OK
r-release-windows-x86_64 0.6.1 31.00 123.00 154.00 OK
r-oldrel-macos-arm64 0.6.1 70.00 OK
r-oldrel-macos-x86_64 0.6.1 134.00 OK
r-oldrel-windows-x86_64 0.6.1 35.00 148.00 183.00 OK

Check Details

Version: 0.6.1
Check: Rd cross-references
Result: NOTE Found the following Rd file(s) with Rd \link{} targets missing package anchors: catalog.Rd: inside.owin Please provide package anchors for all Rd \link{} targets not in the package itself and the base packages. Flavors: r-devel-linux-x86_64-debian-gcc, r-devel-windows-x86_64