CRAN Package Check Results for Package EcoEnsemble

Last updated on 2024-07-23 16:49:03 CEST.

Flavor Version Tinstall Tcheck Ttotal Status Flags
r-devel-linux-x86_64-debian-clang 1.0.5 1003.59 249.89 1253.48 OK
r-devel-linux-x86_64-debian-gcc 1.0.5 842.42 235.93 1078.35 OK
r-devel-linux-x86_64-fedora-clang 1.0.5 1529.80 NOTE
r-devel-linux-x86_64-fedora-gcc 1.0.5 2145.74 NOTE
r-devel-windows-x86_64 1.0.5 742.00 301.00 1043.00 NOTE
r-patched-linux-x86_64 1.0.5 687.53 309.03 996.56 OK
r-release-linux-x86_64 1.0.5 0.01 3.12 3.13 ERROR
r-release-macos-arm64 1.0.5 375.00 NOTE
r-release-macos-x86_64 1.0.5 344.00 NOTE
r-release-windows-x86_64 1.0.5 749.00 262.00 1011.00 NOTE
r-oldrel-macos-arm64 1.0.5 515.00 NOTE
r-oldrel-macos-x86_64 1.0.5 762.00 NOTE
r-oldrel-windows-x86_64 1.0.5 984.00 325.00 1309.00 NOTE

Check Details

Version: 1.0.5
Check: installed package size
Result: NOTE installed size is 9.1Mb sub-directories of 1Mb or more: libs 8.0Mb Flavors: r-devel-linux-x86_64-fedora-clang, r-devel-windows-x86_64, r-release-macos-arm64, r-release-macos-x86_64, r-release-windows-x86_64, r-oldrel-macos-arm64, r-oldrel-macos-x86_64, r-oldrel-windows-x86_64

Version: 1.0.5
Check: dependencies in R code
Result: NOTE Namespaces in Imports field not imported from: ‘RcppParallel’ ‘rstantools’ All declared Imports should be used. Flavors: r-devel-linux-x86_64-fedora-clang, r-devel-linux-x86_64-fedora-gcc

Version: 1.0.5
Check: for GNU extensions in Makefiles
Result: NOTE GNU make is a SystemRequirements. Flavors: r-devel-linux-x86_64-fedora-clang, r-devel-linux-x86_64-fedora-gcc, r-release-macos-arm64, r-release-macos-x86_64, r-oldrel-macos-arm64, r-oldrel-macos-x86_64

Version: 1.0.5
Check: whether package can be installed
Result: ERROR Installation failed. Flavor: r-release-linux-x86_64