CRAN Package Check Results for Package EloRating

Last updated on 2024-06-17 00:49:57 CEST.

Flavor Version Tinstall Tcheck Ttotal Status Flags
r-devel-linux-x86_64-debian-clang 0.46.11 71.54 198.88 270.42 OK
r-devel-linux-x86_64-debian-gcc 0.46.11 50.16 149.34 199.50 OK
r-devel-linux-x86_64-fedora-clang 0.46.11 364.99 OK
r-devel-linux-x86_64-fedora-gcc 0.46.11 373.69 OK
r-devel-windows-x86_64 0.46.11 59.00 278.00 337.00 NOTE
r-patched-linux-x86_64 0.46.11 58.43 193.02 251.45 OK
r-release-linux-x86_64 0.46.11 63.62 193.61 257.23 OK
r-release-macos-arm64 0.46.11 85.00 OK
r-release-macos-x86_64 0.46.11 145.00 OK
r-release-windows-x86_64 0.46.11 59.00 129.00 188.00 FAIL
r-oldrel-macos-arm64 0.46.11 101.00 OK
r-oldrel-macos-x86_64 0.46.11 156.00 OK
r-oldrel-windows-x86_64 0.46.11 70.00 290.00 360.00 NOTE

Check Details

Version: 0.46.11
Check: C++ specification
Result: NOTE Specified C++11: please drop specification unless essential Flavors: r-devel-windows-x86_64, r-release-windows-x86_64, r-oldrel-windows-x86_64

Version: 0.46.11
Check: data for ASCII and uncompressed saves
Result: WARN Mingw-w64 runtime failure: VirtualProtect failed with code 0x5af Flavor: r-release-windows-x86_64

Version: 0.46.11
Check: re-building of vignette outputs
Result: ERROR Error(s) in re-building vignettes: --- re-building 'EloRating_tutorial.Rmd' using rmarkdown pandoc.exe: osCommitMemory: VirtualAlloc MEM_COMMIT failed to commit 1048576 bytes of memory (error code: 1455): Die Auslagerungsdatei ist zu klein, um diesen Vorgang durchzuf<fc>hren. Warning in system(paste(shQuote(path), "--version"), intern = TRUE) : running command '"C:/PROGRA~1/Pandoc/pandoc.exe" --version' had status 251 Error: processing vignette 'EloRating_tutorial.Rmd' failed with diagnostics: subscript out of bounds --- failed re-building 'EloRating_tutorial.Rmd' SUMMARY: processing the following file failed: 'EloRating_tutorial.Rmd' Error: Vignette re-building failed. Execution halted Flavor: r-release-windows-x86_64

Version: 0.46.11
Check: PDF version of manual
Result: WARN LaTeX errors when creating PDF version. This typically indicates Rd problems. Flavor: r-release-windows-x86_64

Version: 0.46.11
Check: PDF version of manual without index
Result: ERROR Re-running with no redirection of stdout/stderr. Flavor: r-release-windows-x86_64

Version: 0.46.11
Check: HTML version of manual
Result: FAIL
Flavor: r-release-windows-x86_64