CRAN Package Check Results for Package EpiReport

Last updated on 2024-06-05 00:48:47 CEST.

Flavor Version Tinstall Tcheck Ttotal Status Flags
r-devel-linux-x86_64-debian-clang 1.0.2 11.41 112.06 123.47 NOTE
r-devel-linux-x86_64-debian-gcc 1.0.2 7.94 85.39 93.33 NOTE
r-devel-linux-x86_64-fedora-clang 1.0.2 154.67 NOTE
r-devel-linux-x86_64-fedora-gcc 1.0.2 162.71 NOTE
r-devel-windows-x86_64 1.0.2 10.00 101.00 111.00 NOTE
r-patched-linux-x86_64 1.0.2 17.34 108.24 125.58 NOTE
r-release-linux-x86_64 1.0.2 7.05 110.13 117.18 NOTE
r-release-macos-arm64 1.0.2 57.00 NOTE
r-release-windows-x86_64 1.0.2 9.00 101.00 110.00 NOTE
r-oldrel-macos-arm64 1.0.2 51.00 OK
r-oldrel-macos-x86_64 1.0.2 76.00 OK
r-oldrel-windows-x86_64 1.0.2 12.00 119.00 131.00 OK

Check Details

Version: 1.0.2
Check: Rd files
Result: NOTE checkRd: (-1) getAgeGender.Rd:52: Lost braces in \itemize; meant \describe ? checkRd: (-1) getAgeGender.Rd:53: Lost braces in \itemize; meant \describe ? checkRd: (-1) getAgeGender.Rd:54: Lost braces in \itemize; meant \describe ? checkRd: (-1) getAgeGender.Rd:55: Lost braces in \itemize; meant \describe ? checkRd: (-1) getMap.Rd:44-45: Lost braces in \itemize; meant \describe ? checkRd: (-1) getMap.Rd:46-48: Lost braces in \itemize; meant \describe ? checkRd: (-1) getMap.Rd:49-51: Lost braces in \itemize; meant \describe ? checkRd: (-1) getSeason.Rd:55: Lost braces in \itemize; meant \describe ? checkRd: (-1) getSeason.Rd:56: Lost braces in \itemize; meant \describe ? checkRd: (-1) getSeason.Rd:57: Lost braces in \itemize; meant \describe ? checkRd: (-1) getSeason.Rd:58: Lost braces in \itemize; meant \describe ? checkRd: (-1) getTableByMS.Rd:59: Lost braces in \itemize; meant \describe ? checkRd: (-1) getTableByMS.Rd:60: Lost braces in \itemize; meant \describe ? checkRd: (-1) getTableByMS.Rd:61-62: Lost braces in \itemize; meant \describe ? checkRd: (-1) getTrend.Rd:55: Lost braces in \itemize; meant \describe ? checkRd: (-1) getTrend.Rd:56: Lost braces in \itemize; meant \describe ? checkRd: (-1) plotAgeGender.Rd:45: Lost braces in \itemize; meant \describe ? checkRd: (-1) plotAgeGender.Rd:46: Lost braces in \itemize; meant \describe ? checkRd: (-1) plotAgeGender.Rd:47: Lost braces in \itemize; meant \describe ? checkRd: (-1) plotSeasonality.Rd:42: Lost braces in \itemize; meant \describe ? checkRd: (-1) plotSeasonality.Rd:43: Lost braces in \itemize; meant \describe ? checkRd: (-1) plotSeasonality.Rd:44: Lost braces in \itemize; meant \describe ? checkRd: (-1) plotSeasonality.Rd:45: Lost braces in \itemize; meant \describe ? checkRd: (-1) plotTS12MAvg.Rd:27: Lost braces in \itemize; meant \describe ? checkRd: (-1) plotTS12MAvg.Rd:28: Lost braces in \itemize; meant \describe ? Flavors: r-devel-linux-x86_64-debian-clang, r-devel-linux-x86_64-debian-gcc, r-devel-linux-x86_64-fedora-clang, r-devel-linux-x86_64-fedora-gcc, r-devel-windows-x86_64, r-patched-linux-x86_64, r-release-linux-x86_64, r-release-macos-arm64, r-release-windows-x86_64