CRAN Package Check Results for Package FlowRegEnvCost

Last updated on 2024-06-24 00:50:09 CEST.

Flavor Version Tinstall Tcheck Ttotal Status Flags
r-devel-linux-x86_64-debian-clang 0.1.1 3.85 39.84 43.69 NOTE
r-devel-linux-x86_64-debian-gcc 0.1.1 2.97 28.99 31.96 NOTE
r-devel-linux-x86_64-fedora-clang 0.1.1 52.87 NOTE
r-devel-linux-x86_64-fedora-gcc 0.1.1 50.73 NOTE
r-devel-windows-x86_64 0.1.1 4.00 51.00 55.00 NOTE
r-patched-linux-x86_64 0.1.1 3.97 37.25 41.22 NOTE
r-release-linux-x86_64 0.1.1 3.34 37.10 40.44 NOTE
r-release-macos-arm64 0.1.1 21.00 NOTE
r-release-macos-x86_64 0.1.1 36.00 NOTE
r-release-windows-x86_64 0.1.1 4.00 53.00 57.00 NOTE
r-oldrel-macos-arm64 0.1.1 20.00 OK
r-oldrel-macos-x86_64 0.1.1 29.00 OK
r-oldrel-windows-x86_64 0.1.1 5.00 58.00 63.00 OK

Check Details

Version: 0.1.1
Check: Rd files
Result: NOTE checkRd: (-1) flowdata.Rd:10: Lost braces; missing escapes or markup? 10 | \item{Flow}{Water flow, in m^{3}/s} | ^ Flavors: r-devel-linux-x86_64-debian-clang, r-devel-linux-x86_64-debian-gcc, r-devel-linux-x86_64-fedora-clang, r-devel-linux-x86_64-fedora-gcc, r-devel-windows-x86_64, r-patched-linux-x86_64, r-release-linux-x86_64, r-release-macos-arm64, r-release-macos-x86_64, r-release-windows-x86_64