CRAN Package Check Results for Package GEInter

Last updated on 2024-06-17 19:51:30 CEST.

Flavor Version Tinstall Tcheck Ttotal Status Flags
r-devel-linux-x86_64-debian-clang 0.3.2 11.95 114.36 126.31 OK
r-devel-linux-x86_64-debian-gcc 0.3.2 9.43 83.08 92.51 OK
r-devel-linux-x86_64-fedora-clang 0.3.2 164.55 OK
r-devel-linux-x86_64-fedora-gcc 0.3.2 147.50 OK
r-devel-windows-x86_64 0.3.2 11.00 102.00 113.00 OK
r-patched-linux-x86_64 0.3.2 8.92 107.09 116.01 OK
r-release-linux-x86_64 0.3.2 7.95 108.75 116.70 OK
r-release-macos-arm64 0.3.2 42.00 OK
r-release-macos-x86_64 0.3.2 66.00 OK
r-release-windows-x86_64 0.3.2 12.00 107.00 119.00 WARN
r-oldrel-macos-arm64 0.3.2 45.00 OK
r-oldrel-macos-x86_64 0.3.2 66.00 OK
r-oldrel-windows-x86_64 0.3.2 16.00 117.00 133.00 OK

Check Details

Version: 0.3.2
Check: whether the package can be loaded with stated dependencies
Result: WARN Error: package or namespace load failed for 'GEInter' in inDL(x, as.logical(local), as.logical(now), ...): unable to load shared object 'D:/RCompile/CRANpkg/lib/4.4/mvtnorm/libs/x64/mvtnorm.dll': LoadLibrary failure: Die Auslagerungsdatei ist zu klein, um diesen Vorgang durchzuf├╝hren. Execution halted It looks like this package (or one of its dependent packages) has an unstated dependence on a standard package. All dependencies must be declared in DESCRIPTION. See section 'The DESCRIPTION file' in the 'Writing R Extensions' manual. Flavor: r-release-windows-x86_64

Version: 0.3.2
Check: whether the package can be unloaded cleanly
Result: WARN
Flavor: r-release-windows-x86_64

Version: 0.3.2
Check: whether the namespace can be loaded with stated dependencies
Result: WARN A namespace must be able to be loaded with just the base namespace loaded: otherwise if the namespace gets loaded by a saved object, the session will be unable to start. Probably some imports need to be declared in the NAMESPACE file. Flavor: r-release-windows-x86_64

Version: 0.3.2
Check: whether the namespace can be unloaded cleanly
Result: WARN
Flavor: r-release-windows-x86_64