CRAN Package Check Results for Package GLMpack

Last updated on 2024-06-18 00:57:27 CEST.

Flavor Version Tinstall Tcheck Ttotal Status Flags
r-devel-linux-x86_64-debian-clang 0.1.0 2.52 38.68 41.20 OK
r-devel-linux-x86_64-debian-gcc 0.1.0 2.05 29.31 31.36 OK
r-devel-linux-x86_64-fedora-clang 0.1.0 52.14 NOTE
r-devel-linux-x86_64-fedora-gcc 0.1.0 49.86 NOTE
r-devel-windows-x86_64 0.1.0 4.00 54.00 58.00 OK
r-patched-linux-x86_64 0.1.0 3.02 38.09 41.11 OK
r-release-linux-x86_64 0.1.0 1.93 39.09 41.02 OK
r-release-macos-arm64 0.1.0 20.00 OK
r-release-macos-x86_64 0.1.0 28.00 OK
r-release-windows-x86_64 0.1.0 4.00 57.00 61.00 OK
r-oldrel-macos-arm64 0.1.0 24.00 OK
r-oldrel-macos-x86_64 0.1.0 29.00 OK
r-oldrel-windows-x86_64 0.1.0 4.00 61.00 65.00 OK

Check Details

Version: 0.1.0
Check: dependencies in R code
Result: NOTE Namespaces in Imports field not imported from: ‘AER’ ‘MASS’ ‘Matrix’ ‘censReg’ ‘effects’ ‘foreign’ ‘lme4’ ‘lmtest’ ‘nnet’ ‘pBrackets’ ‘plm’ ‘pscl’ ‘sandwich’ All declared Imports should be used. Flavors: r-devel-linux-x86_64-fedora-clang, r-devel-linux-x86_64-fedora-gcc