CRAN Package Check Results for Package Ghost

Last updated on 2024-07-14 08:48:23 CEST.

Flavor Version Tinstall Tcheck Ttotal Status Flags
r-devel-linux-x86_64-debian-clang 0.1.0 3.95 23.50 27.45 OK
r-devel-linux-x86_64-debian-gcc 0.1.0 2.98 18.62 21.60 OK
r-devel-linux-x86_64-fedora-clang 0.1.0 35.46 NOTE
r-devel-linux-x86_64-fedora-gcc 0.1.0 33.26 NOTE
r-devel-windows-x86_64 0.1.0 4.00 42.00 46.00 OK
r-patched-linux-x86_64 0.1.0 3.36 23.11 26.47 OK
r-release-linux-x86_64 0.1.0 4.19 23.53 27.72 OK
r-release-macos-arm64 0.1.0 16.00 OK
r-release-macos-x86_64 0.1.0 25.00 OK
r-release-windows-x86_64 0.1.0 3.00 43.00 46.00 OK
r-oldrel-macos-arm64 0.1.0 17.00 OK
r-oldrel-macos-x86_64 0.1.0 22.00 OK
r-oldrel-windows-x86_64 0.1.0 4.00 46.00 50.00 OK

Check Details

Version: 0.1.0
Check: dependencies in R code
Result: NOTE Namespace in Imports field not imported from: ‘R6’ All declared Imports should be used. Flavors: r-devel-linux-x86_64-fedora-clang, r-devel-linux-x86_64-fedora-gcc