CRAN Package Check Results for Package HoRM

Last updated on 2024-06-25 08:48:18 CEST.

Flavor Version Tinstall Tcheck Ttotal Status Flags
r-devel-linux-x86_64-debian-clang 0.1.3 5.78 102.70 108.48 NOTE
r-devel-linux-x86_64-debian-gcc 0.1.3 5.25 76.23 81.48 NOTE
r-devel-linux-x86_64-fedora-clang 0.1.3 137.23 NOTE
r-devel-linux-x86_64-fedora-gcc 0.1.3 126.76 NOTE
r-devel-windows-x86_64 0.1.3 10.00 93.00 103.00 NOTE
r-patched-linux-x86_64 0.1.3 10.30 97.30 107.60 NOTE
r-release-linux-x86_64 0.1.3 6.98 97.13 104.11 NOTE
r-release-macos-arm64 0.1.3 40.00 NOTE
r-release-macos-x86_64 0.1.3 63.00 NOTE
r-release-windows-x86_64 0.1.3 10.00 93.00 103.00 NOTE
r-oldrel-macos-arm64 0.1.3 47.00 OK
r-oldrel-macos-x86_64 0.1.3 76.00 OK
r-oldrel-windows-x86_64 0.1.3 13.00 114.00 127.00 OK

Check Details

Version: 0.1.3
Check: Rd files
Result: NOTE checkRd: (-1) Auto.Rd:13: Lost braces in \itemize; meant \describe ? checkRd: (-1) Auto.Rd:14: Lost braces in \itemize; meant \describe ? checkRd: (-1) Auto.Rd:15: Lost braces in \itemize; meant \describe ? checkRd: (-1) Auto.Rd:16: Lost braces in \itemize; meant \describe ? checkRd: (-1) Auto.Rd:17: Lost braces in \itemize; meant \describe ? checkRd: (-1) Auto.Rd:18: Lost braces in \itemize; meant \describe ? checkRd: (-1) BAC.Rd:13: Lost braces in \itemize; meant \describe ? checkRd: (-1) BAC.Rd:14: Lost braces in \itemize; meant \describe ? checkRd: (-1) GRB.Rd:14: Lost braces in \itemize; meant \describe ? checkRd: (-1) GRB.Rd:15: Lost braces in \itemize; meant \describe ? checkRd: (-1) JamesBond.Rd:13: Lost braces in \itemize; meant \describe ? checkRd: (-1) JamesBond.Rd:14: Lost braces in \itemize; meant \describe ? checkRd: (-1) JamesBond.Rd:15: Lost braces in \itemize; meant \describe ? checkRd: (-1) JamesBond.Rd:16: Lost braces in \itemize; meant \describe ? checkRd: (-1) JamesBond.Rd:17: Lost braces in \itemize; meant \describe ? checkRd: (-1) JamesBond.Rd:18: Lost braces in \itemize; meant \describe ? checkRd: (-1) JamesBond.Rd:19: Lost braces in \itemize; meant \describe ? checkRd: (-1) JamesBond.Rd:20: Lost braces in \itemize; meant \describe ? checkRd: (-1) JamesBond.Rd:21: Lost braces in \itemize; meant \describe ? checkRd: (-1) JamesBond.Rd:22: Lost braces in \itemize; meant \describe ? checkRd: (-1) JamesBond.Rd:23: Lost braces in \itemize; meant \describe ? checkRd: (-1) JamesBond.Rd:24: Lost braces in \itemize; meant \describe ? checkRd: (-1) JamesBond.Rd:25: Lost braces in \itemize; meant \describe ? checkRd: (-1) JamesBond.Rd:26: Lost braces in \itemize; meant \describe ? checkRd: (-1) JamesBond.Rd:27: Lost braces in \itemize; meant \describe ? checkRd: (-1) JamesBond.Rd:28: Lost braces in \itemize; meant \describe ? checkRd: (-1) JamesBond.Rd:29: Lost braces in \itemize; meant \describe ? checkRd: (-1) JamesBond.Rd:30: Lost braces in \itemize; meant \describe ? checkRd: (-1) amit.Rd:14: Lost braces in \itemize; meant \describe ? checkRd: (-1) amit.Rd:15-16: Lost braces in \itemize; meant \describe ? checkRd: (-1) amit.Rd:17: Lost braces in \itemize; meant \describe ? checkRd: (-1) amit.Rd:18-19: Lost braces in \itemize; meant \describe ? checkRd: (-1) amit.Rd:20: Lost braces in \itemize; meant \describe ? checkRd: (-1) amit.Rd:21: Lost braces in \itemize; meant \describe ? checkRd: (-1) amit.Rd:22: Lost braces in \itemize; meant \describe ? checkRd: (-1) auditory.Rd:13: Lost braces in \itemize; meant \describe ? checkRd: (-1) auditory.Rd:14: Lost braces in \itemize; meant \describe ? checkRd: (-1) auditory.Rd:15: Lost braces in \itemize; meant \describe ? checkRd: (-1) cheese.Rd:13: Lost braces in \itemize; meant \describe ? checkRd: (-1) cheese.Rd:14: Lost braces in \itemize; meant \describe ? checkRd: (-1) cheese.Rd:15: Lost braces in \itemize; meant \describe ? checkRd: (-1) chem.Rd:13: Lost braces in \itemize; meant \describe ? checkRd: (-1) chem.Rd:14: Lost braces in \itemize; meant \describe ? checkRd: (-1) chem.Rd:15: Lost braces in \itemize; meant \describe ? checkRd: (-1) chem.Rd:16: Lost braces in \itemize; meant \describe ? checkRd: (-1) compasst.Rd:14: Lost braces in \itemize; meant \describe ? checkRd: (-1) compasst.Rd:15: Lost braces in \itemize; meant \describe ? checkRd: (-1) cracker.Rd:13: Lost braces in \itemize; meant \describe ? checkRd: (-1) cracker.Rd:14: Lost braces in \itemize; meant \describe ? checkRd: (-1) cracker.Rd:15: Lost braces in \itemize; meant \describe ? checkRd: (-1) cracker.Rd:16: Lost braces in \itemize; meant \describe ? checkRd: (-1) credloss.Rd:13: Lost braces in \itemize; meant \describe ? checkRd: (-1) credloss.Rd:14: Lost braces in \itemize; meant \describe ? checkRd: (-1) credloss.Rd:15: Lost braces in \itemize; meant \describe ? checkRd: (-1) credloss.Rd:16: Lost braces in \itemize; meant \describe ? checkRd: (-1) credloss.Rd:17: Lost braces in \itemize; meant \describe ? checkRd: (-1) fiber.Rd:13: Lost braces in \itemize; meant \describe ? checkRd: (-1) fiber.Rd:14: Lost braces in \itemize; meant \describe ? checkRd: (-1) fly.Rd:13: Lost braces in \itemize; meant \describe ? checkRd: (-1) fly.Rd:14: Lost braces in \itemize; meant \describe ? checkRd: (-1) fly.Rd:15: Lost braces in \itemize; meant \describe ? checkRd: (-1) fly.Rd:16: Lost braces in \itemize; meant \describe ? checkRd: (-1) fly.Rd:17: Lost braces in \itemize; meant \describe ? checkRd: (-1) fly.Rd:18: Lost braces in \itemize; meant \describe ? checkRd: (-1) fly.Rd:19: Lost braces in \itemize; meant \describe ? checkRd: (-1) fly.Rd:20: Lost braces in \itemize; meant \describe ? checkRd: (-1) gas.Rd:15-16: Lost braces in \itemize; meant \describe ? checkRd: (-1) gas.Rd:17-18: Lost braces in \itemize; meant \describe ? checkRd: (-1) light.Rd:13: Lost braces in \itemize; meant \describe ? checkRd: (-1) light.Rd:14: Lost braces in \itemize; meant \describe ? checkRd: (-1) repair.Rd:14: Lost braces in \itemize; meant \describe ? checkRd: (-1) repair.Rd:15: Lost braces in \itemize; meant \describe ? checkRd: (-1) stock.Rd:13: Lost braces in \itemize; meant \describe ? checkRd: (-1) tortoise.Rd:14: Lost braces in \itemize; meant \describe ? checkRd: (-1) tortoise.Rd:15: Lost braces in \itemize; meant \describe ? checkRd: (-1) toy.Rd:13: Lost braces in \itemize; meant \describe ? checkRd: (-1) toy.Rd:14: Lost braces in \itemize; meant \describe ? checkRd: (-1) wood.Rd:14: Lost braces in \itemize; meant \describe ? checkRd: (-1) wood.Rd:15-16: Lost braces in \itemize; meant \describe ? checkRd: (-1) yarn.Rd:13: Lost braces in \itemize; meant \describe ? checkRd: (-1) yarn.Rd:14: Lost braces in \itemize; meant \describe ? checkRd: (-1) yarn.Rd:15: Lost braces in \itemize; meant \describe ? checkRd: (-1) yarn.Rd:16: Lost braces in \itemize; meant \describe ? Flavors: r-devel-linux-x86_64-debian-clang, r-devel-linux-x86_64-debian-gcc, r-devel-linux-x86_64-fedora-clang, r-devel-linux-x86_64-fedora-gcc, r-devel-windows-x86_64, r-patched-linux-x86_64, r-release-linux-x86_64, r-release-macos-arm64, r-release-macos-x86_64, r-release-windows-x86_64