CRAN Package Check Results for Package Holomics

Last updated on 2024-07-15 09:48:13 CEST.

Flavor Version Tinstall Tcheck Ttotal Status Flags
r-devel-linux-x86_64-debian-clang 1.1.1 14.20 80.22 94.42 OK
r-devel-linux-x86_64-debian-gcc 1.1.1 8.97 59.58 68.55 OK
r-devel-linux-x86_64-fedora-clang 1.1.1 119.98 NOTE
r-devel-linux-x86_64-fedora-gcc 1.1.1 118.92 NOTE
r-devel-windows-x86_64 1.1.1 13.00 77.00 90.00 NOTE
r-patched-linux-x86_64 1.1.1 11.19 74.60 85.79 OK
r-release-linux-x86_64 1.1.1 7.38 75.96 83.34 OK
r-release-macos-arm64 1.1.1 41.00 NOTE
r-release-macos-x86_64 1.1.1 105.00 NOTE
r-release-windows-x86_64 1.1.1 12.00 75.00 87.00 NOTE
r-oldrel-macos-arm64 1.1.1 49.00 NOTE
r-oldrel-macos-x86_64 1.1.1 88.00 NOTE
r-oldrel-windows-x86_64 1.1.1 14.00 89.00 103.00 NOTE

Check Details

Version: 1.1.1
Check: package dependencies
Result: NOTE Imports includes 27 non-default packages. Importing from so many packages makes the package vulnerable to any of them becoming unavailable. Move as many as possible to Suggests and use conditionally. Flavor: r-devel-linux-x86_64-fedora-clang

Version: 1.1.1
Check: installed package size
Result: NOTE installed size is 5.3Mb sub-directories of 1Mb or more: app 1.7Mb doc 3.3Mb Flavors: r-devel-linux-x86_64-fedora-clang, r-devel-windows-x86_64, r-release-macos-arm64, r-release-macos-x86_64, r-release-windows-x86_64, r-oldrel-macos-arm64, r-oldrel-macos-x86_64, r-oldrel-windows-x86_64

Version: 1.1.1
Check: dependencies in R code
Result: NOTE Namespaces in Imports field not imported from: ‘RSpectra’ ‘ggrepel’ ‘markdown’ ‘matrixStats’ ‘reshape2’ ‘tidyr’ ‘uuid’ All declared Imports should be used. Flavors: r-devel-linux-x86_64-fedora-clang, r-devel-linux-x86_64-fedora-gcc