CRAN Package Check Results for Package IBrokers

Last updated on 2024-06-24 00:50:11 CEST.

Flavor Version Tinstall Tcheck Ttotal Status Flags
r-devel-linux-x86_64-debian-clang 0.10-2 5.48 65.60 71.08 NOTE
r-devel-linux-x86_64-debian-gcc 0.10-2 6.31 49.35 55.66 NOTE
r-devel-linux-x86_64-fedora-clang 0.10-2 93.65 NOTE
r-devel-linux-x86_64-fedora-gcc 0.10-2 101.23 NOTE
r-devel-windows-x86_64 0.10-2 8.00 104.00 112.00 NOTE
r-patched-linux-x86_64 0.10-2 6.67 64.19 70.86 NOTE
r-release-linux-x86_64 0.10-2 5.35 64.12 69.47 NOTE
r-release-macos-arm64 0.10-2 38.00 NOTE
r-release-macos-x86_64 0.10-2 56.00 NOTE
r-release-windows-x86_64 0.10-2 8.00 108.00 116.00 NOTE
r-oldrel-macos-arm64 0.10-2 39.00 OK
r-oldrel-macos-x86_64 0.10-2 57.00 OK
r-oldrel-windows-x86_64 0.10-2 9.00 104.00 113.00 OK

Check Details

Version: 0.10-2
Check: Rd files
Result: NOTE checkRd: (-1) setServerLogLevel.Rd:20: Lost braces in \enumerate; meant \describe ? checkRd: (-1) setServerLogLevel.Rd:21: Lost braces in \enumerate; meant \describe ? checkRd: (-1) setServerLogLevel.Rd:22: Lost braces in \enumerate; meant \describe ? checkRd: (-1) setServerLogLevel.Rd:23: Lost braces in \enumerate; meant \describe ? checkRd: (-1) setServerLogLevel.Rd:24: Lost braces in \enumerate; meant \describe ? Flavors: r-devel-linux-x86_64-debian-clang, r-devel-linux-x86_64-debian-gcc, r-devel-linux-x86_64-fedora-clang, r-devel-linux-x86_64-fedora-gcc, r-devel-windows-x86_64, r-patched-linux-x86_64, r-release-linux-x86_64, r-release-macos-arm64, r-release-macos-x86_64, r-release-windows-x86_64