CRAN Package Check Results for Package ISwR

Last updated on 2024-06-20 08:54:50 CEST.

Flavor Version Tinstall Tcheck Ttotal Status Flags
r-devel-linux-x86_64-debian-clang 2.0-8 3.01 40.76 43.77 NOTE
r-devel-linux-x86_64-debian-gcc 2.0-8 2.02 31.08 33.10 NOTE
r-devel-linux-x86_64-fedora-clang 2.0-8 55.46 NOTE
r-devel-linux-x86_64-fedora-gcc 2.0-8 53.65 NOTE
r-devel-windows-x86_64 2.0-8 5.00 59.00 64.00 NOTE
r-patched-linux-x86_64 2.0-8 3.72 40.55 44.27 NOTE
r-release-linux-x86_64 2.0-8 2.59 39.11 41.70 NOTE
r-release-macos-arm64 2.0-8 19.00 NOTE
r-release-macos-x86_64 2.0-8 31.00 NOTE
r-release-windows-x86_64 2.0-8 3.00 61.00 64.00 NOTE
r-oldrel-macos-arm64 2.0-8 21.00 OK
r-oldrel-macos-x86_64 2.0-8 30.00 OK
r-oldrel-windows-x86_64 2.0-8 3.00 66.00 69.00 OK

Additional issues

ATLAS OpenBLAS

Check Details

Version: 2.0-8
Check: Rd files
Result: NOTE checkRd: (-1) secretin.Rd:17: Lost braces 17 | {\code{a}: 1st sample}; | ^ checkRd: (-1) secretin.Rd:18: Lost braces 18 | {\code{b}: 2nd sample}.} | ^ checkRd: (-1) secretin.Rd:20: Lost braces 20 | {\code{20+}: 20 minutes or longer since injection}; | ^ checkRd: (-1) secretin.Rd:21: Lost braces 21 | {\code{pre}: before injection.}} | ^ checkRd: (-1) secretin.Rd:23: Lost braces 23 | {\code{20}: 20 minutes since injection}; | ^ checkRd: (-1) secretin.Rd:24: Lost braces 24 | {\code{30+}: 30 minutes or longer since injection}; | ^ checkRd: (-1) secretin.Rd:25: Lost braces 25 | {\code{pre}: before injection. }} | ^ Flavors: r-devel-linux-x86_64-debian-clang, r-devel-linux-x86_64-debian-gcc, r-devel-linux-x86_64-fedora-clang, r-devel-linux-x86_64-fedora-gcc, r-devel-windows-x86_64, r-patched-linux-x86_64, r-release-linux-x86_64, r-release-macos-arm64, r-release-macos-x86_64, r-release-windows-x86_64