CRAN Package Check Results for Package KGode

Last updated on 2024-07-25 16:46:16 CEST.

Flavor Version Tinstall Tcheck Ttotal Status Flags
r-devel-linux-x86_64-debian-clang 1.0.4 10.41 64.24 74.65 OK
r-devel-linux-x86_64-debian-gcc 1.0.4 7.82 45.82 53.64 NOTE
r-devel-linux-x86_64-fedora-clang 1.0.4 92.77 OK
r-devel-linux-x86_64-fedora-gcc 1.0.4 88.50 OK
r-devel-windows-x86_64 1.0.4 9.00 65.00 74.00 NOTE
r-patched-linux-x86_64 1.0.4 OK
r-release-linux-x86_64 1.0.4 8.47 60.12 68.59 OK
r-release-macos-arm64 1.0.4 26.00 OK
r-release-macos-x86_64 1.0.4 40.00 OK
r-release-windows-x86_64 1.0.4 10.00 65.00 75.00 OK
r-oldrel-macos-arm64 1.0.4 29.00 OK
r-oldrel-macos-x86_64 1.0.4 48.00 OK
r-oldrel-windows-x86_64 1.0.4 9.00 75.00 84.00 OK

Check Details

Version: 1.0.4
Check: Rd cross-references
Result: NOTE Found the following Rd file(s) with Rd \link{} targets missing package anchors: Kernel.Rd: R6Class MLP.Rd: R6Class RBF.Rd: R6Class Warp.Rd: R6Class ode.Rd: R6Class rkg3.Rd: R6Class rkhs.Rd: R6Class Please provide package anchors for all Rd \link{} targets not in the package itself and the base packages. Flavors: r-devel-linux-x86_64-debian-gcc, r-devel-windows-x86_64