CRAN Package Check Results for Package MAnorm2

Last updated on 2024-07-13 00:55:30 CEST.

Flavor Version Tinstall Tcheck Ttotal Status Flags
r-devel-linux-x86_64-debian-clang 1.2.2 9.23 366.88 376.11 OK
r-devel-linux-x86_64-debian-gcc 1.2.2 6.09 261.43 267.52 OK
r-devel-linux-x86_64-fedora-clang 1.2.2 483.56 NOTE
r-devel-linux-x86_64-fedora-gcc 1.2.2 463.67 OK
r-devel-windows-x86_64 1.2.2 8.00 379.00 387.00 NOTE
r-patched-linux-x86_64 1.2.2 12.72 365.29 378.01 OK
r-release-linux-x86_64 1.2.2 6.05 362.97 369.02 OK
r-release-macos-arm64 1.2.2 111.00 NOTE
r-release-macos-x86_64 1.2.2 235.00 NOTE
r-release-windows-x86_64 1.2.2 8.00 401.00 409.00 NOTE
r-oldrel-macos-arm64 1.2.2 123.00 NOTE
r-oldrel-macos-x86_64 1.2.2 167.00 NOTE
r-oldrel-windows-x86_64 1.2.2 11.00 442.00 453.00 NOTE

Check Details

Version: 1.2.2
Check: installed package size
Result: NOTE installed size is 5.3Mb sub-directories of 1Mb or more: data 1.2Mb doc 3.5Mb Flavors: r-devel-linux-x86_64-fedora-clang, r-devel-windows-x86_64, r-release-macos-arm64, r-release-macos-x86_64, r-release-windows-x86_64, r-oldrel-macos-arm64, r-oldrel-macos-x86_64, r-oldrel-windows-x86_64

Version: 1.2.2
Check: package dependencies
Result: NOTE Package suggested but not available for checking: ‘DescTools’ Flavor: r-oldrel-macos-x86_64