CRAN Package Check Results for Package MPSEM

Last updated on 2024-06-25 08:48:21 CEST.

Flavor Version Tinstall Tcheck Ttotal Status Flags
r-devel-linux-x86_64-debian-clang 0.4-1 6.28 52.72 59.00 OK
r-devel-linux-x86_64-debian-gcc 0.4-1 4.75 40.26 45.01 OK
r-devel-linux-x86_64-fedora-clang 0.4-1 76.53 OK
r-devel-linux-x86_64-fedora-gcc 0.4-1 85.29 OK
r-devel-windows-x86_64 0.4-1 8.00 76.00 84.00 OK
r-patched-linux-x86_64 0.4-1 7.66 51.62 59.28 OK
r-release-linux-x86_64 0.4-1 6.12 51.52 57.64 OK
r-release-macos-arm64 0.4-1 33.00 OK
r-release-macos-x86_64 0.4-1 51.00 WARN
r-release-windows-x86_64 0.4-1 8.00 76.00 84.00 OK
r-oldrel-macos-arm64 0.4-1 33.00 OK
r-oldrel-macos-x86_64 0.4-1 48.00 OK
r-oldrel-windows-x86_64 0.4-1 10.00 77.00 87.00 OK

Check Details

Version: 0.4-1
Check: re-building of vignette outputs
Result: WARN Error(s) in re-building vignettes: ... --- re-building ‘PEM_with_MPSEM.Rnw’ using knitr Error: processing vignette 'PEM_with_MPSEM.Rnw' failed with diagnostics: Running 'texi2dvi' on 'PEM_with_MPSEM.tex' failed. LaTeX errors: ! Undefined control sequence. l.119 \hlkwd{library}\hldef {(MPSEM)} ? ! Emergency stop. ! Emergency stop. l.119 End of file on the terminal! ! ==> Fatal error occurred, no output PDF file produced! --- failed re-building ‘PEM_with_MPSEM.Rnw’ SUMMARY: processing the following file failed: ‘PEM_with_MPSEM.Rnw’ Error: Vignette re-building failed. Execution halted Flavor: r-release-macos-x86_64