CRAN Package Check Results for Package MXM

Last updated on 2024-06-05 00:48:53 CEST.

Flavor Version Tinstall Tcheck Ttotal Status Flags
r-devel-linux-x86_64-debian-clang 1.5.5 96.16 632.34 728.50 NOTE
r-devel-linux-x86_64-debian-gcc 1.5.5 77.19 426.96 504.15 NOTE
r-devel-linux-x86_64-fedora-clang 1.5.5 935.83 NOTE
r-devel-linux-x86_64-fedora-gcc 1.5.5 849.64 NOTE
r-devel-windows-x86_64 1.5.5 72.00 460.00 532.00 NOTE
r-patched-linux-x86_64 1.5.5 94.42 576.80 671.22 NOTE
r-release-linux-x86_64 1.5.5 62.50 591.34 653.84 NOTE
r-release-macos-arm64 1.5.5 194.00 NOTE
r-release-windows-x86_64 1.5.5 73.00 467.00 540.00 NOTE
r-oldrel-macos-arm64 1.5.5 208.00 OK
r-oldrel-macos-x86_64 1.5.5 363.00 OK
r-oldrel-windows-x86_64 1.5.5 99.00 581.00 680.00 OK

Check Details

Version: 1.5.5
Check: Rd files
Result: NOTE checkRd: (-1) bbc.Rd:39: Lost braces 39 | The "nbdev.mxm" (negative binomial deviance) is missing. For more information on these see \code{\link{cv.ses}}. bold{Note} that they come with "". | ^ checkRd: (-1) cv.fbed.lmm.reg.Rd:32: Lost braces; missing escapes or markup? 32 | The folds of the data to use (a list generated by the function generateCVRuns {TunePareto}). If NULL the folds are created internally with the same function. | ^ checkRd: (-1) cv.gomp.Rd:29: Lost braces; missing escapes or markup? 29 | The folds of the data to use (a list generated by the function generateCVRuns {TunePareto}). If NULL the folds are created internally with the same function. | ^ checkRd: (-1) cv.ses.Rd:94: Lost braces; missing escapes or markup? 94 | The folds of the data to use (a list generated by the function generateCVRuns {TunePareto}). If NULL the folds are created internally with the same function. | ^ Flavors: r-devel-linux-x86_64-debian-clang, r-devel-linux-x86_64-debian-gcc, r-devel-linux-x86_64-fedora-clang, r-devel-linux-x86_64-fedora-gcc, r-devel-windows-x86_64, r-patched-linux-x86_64, r-release-linux-x86_64, r-release-macos-arm64, r-release-windows-x86_64

Version: 1.5.5
Check: dependencies in R code
Result: NOTE Namespace in Imports field not imported from: ‘knitr’ All declared Imports should be used. Flavors: r-devel-linux-x86_64-fedora-clang, r-devel-linux-x86_64-fedora-gcc