CRAN Package Check Results for Package OddsPlotty

Last updated on 2024-07-22 16:57:20 CEST.

Flavor Version Tinstall Tcheck Ttotal Status Flags
r-devel-linux-x86_64-debian-clang 1.0.2 5.24 68.31 73.55 OK
r-devel-linux-x86_64-debian-gcc 1.0.2 4.52 51.50 56.02 OK
r-devel-linux-x86_64-fedora-clang 1.0.2 99.46 NOTE
r-devel-linux-x86_64-fedora-gcc 1.0.2 101.87 NOTE
r-devel-windows-x86_64 1.0.2 6.00 69.00 75.00 OK
r-patched-linux-x86_64 1.0.2 5.20 65.54 70.74 OK
r-release-linux-x86_64 1.0.2 3.72 65.27 68.99 OK
r-release-macos-arm64 1.0.2 39.00 OK
r-release-macos-x86_64 1.0.2 62.00 OK
r-release-windows-x86_64 1.0.2 6.00 70.00 76.00 OK
r-oldrel-macos-arm64 1.0.2 43.00 OK
r-oldrel-macos-x86_64 1.0.2 58.00 OK
r-oldrel-windows-x86_64 1.0.2 9.00 80.00 89.00 OK

Check Details

Version: 1.0.2
Check: dependencies in R code
Result: NOTE Namespaces in Imports field not imported from: ‘caret’ ‘e1071’ ‘ggthemes’ ‘mlbench’ ‘rmarkdown’ ‘tidymodels’ All declared Imports should be used. Flavors: r-devel-linux-x86_64-fedora-clang, r-devel-linux-x86_64-fedora-gcc