CRAN Package Check Results for Package R2Addhaz

Last updated on 2024-06-24 00:50:17 CEST.

Flavor Version Tinstall Tcheck Ttotal Status Flags
r-devel-linux-x86_64-debian-clang 0.1.0 2.69 30.32 33.01 NOTE
r-devel-linux-x86_64-debian-gcc 0.1.0 1.99 23.02 25.01 NOTE
r-devel-linux-x86_64-fedora-clang 0.1.0 40.50 NOTE
r-devel-linux-x86_64-fedora-gcc 0.1.0 38.19 NOTE
r-devel-windows-x86_64 0.1.0 3.00 43.00 46.00 NOTE
r-patched-linux-x86_64 0.1.0 2.44 28.13 30.57 NOTE
r-release-linux-x86_64 0.1.0 2.35 28.95 31.30 NOTE
r-release-macos-arm64 0.1.0 17.00 NOTE
r-release-macos-x86_64 0.1.0 25.00 NOTE
r-release-windows-x86_64 0.1.0 3.00 43.00 46.00 NOTE
r-oldrel-macos-arm64 0.1.0 18.00 NOTE
r-oldrel-macos-x86_64 0.1.0 24.00 NOTE
r-oldrel-windows-x86_64 0.1.0 4.00 45.00 49.00 NOTE

Check Details

Version: 0.1.0
Check: LazyData
Result: NOTE 'LazyData' is specified without a 'data' directory Flavors: r-devel-linux-x86_64-debian-clang, r-devel-linux-x86_64-debian-gcc, r-devel-linux-x86_64-fedora-clang, r-devel-linux-x86_64-fedora-gcc, r-devel-windows-x86_64, r-patched-linux-x86_64, r-release-linux-x86_64, r-release-macos-arm64, r-release-macos-x86_64, r-release-windows-x86_64, r-oldrel-macos-arm64, r-oldrel-macos-x86_64, r-oldrel-windows-x86_64

Version: 0.1.0
Check: dependencies in R code
Result: NOTE Namespaces in Imports field not imported from: ‘pracma’ ‘zoo’ All declared Imports should be used. Flavors: r-devel-linux-x86_64-fedora-clang, r-devel-linux-x86_64-fedora-gcc