CRAN Package Check Results for Package R3port

Last updated on 2024-07-24 16:53:58 CEST.

Flavor Version Tinstall Tcheck Ttotal Status Flags
r-devel-linux-x86_64-debian-clang 0.2.5 3.90 53.13 57.03 OK
r-devel-linux-x86_64-debian-gcc 0.2.5 3.60 40.63 44.23 NOTE
r-devel-linux-x86_64-fedora-clang 0.2.5 79.39 OK
r-devel-linux-x86_64-fedora-gcc 0.2.5 88.50 OK
r-devel-windows-x86_64 0.2.5 6.00 67.00 73.00 NOTE
r-patched-linux-x86_64 0.2.5 9.87 51.06 60.93 OK
r-release-linux-x86_64 0.2.5 4.68 50.05 54.73 OK
r-release-macos-arm64 0.2.5 31.00 OK
r-release-macos-x86_64 0.2.5 53.00 OK
r-release-windows-x86_64 0.2.5 5.00 66.00 71.00 OK
r-oldrel-macos-arm64 0.2.5 32.00 OK
r-oldrel-macos-x86_64 0.2.5 80.00 OK
r-oldrel-windows-x86_64 0.2.5 7.00 72.00 79.00 OK

Check Details

Version: 0.2.5
Check: Rd cross-references
Result: NOTE Found the following Rd file(s) with Rd \link{} targets missing package anchors: html_doc.Rd: whisker-package ltx_doc.Rd: whisker-package Please provide package anchors for all Rd \link{} targets not in the package itself and the base packages. Flavors: r-devel-linux-x86_64-debian-gcc, r-devel-windows-x86_64