CRAN Package Check Results for Package RCPA

Last updated on 2024-06-22 16:49:13 CEST.

Flavor Version Tinstall Tcheck Ttotal Status Flags
r-devel-linux-x86_64-debian-clang 0.2.2 46.40 437.28 483.68 OK
r-devel-linux-x86_64-debian-gcc 0.2.2 40.62 325.32 365.94 OK
r-devel-linux-x86_64-fedora-clang 0.2.2 648.22 ERROR
r-devel-linux-x86_64-fedora-gcc 0.2.2 625.28 OK
r-devel-windows-x86_64 0.2.2 44.00 298.00 342.00 OK
r-patched-linux-x86_64 0.2.2 31.66 408.78 440.44 OK
r-release-linux-x86_64 0.2.2 37.27 418.00 455.27 OK
r-release-macos-arm64 0.2.2 184.00 NOTE
r-release-macos-x86_64 0.2.2 268.00 OK
r-release-windows-x86_64 0.2.2 44.00 306.00 350.00 OK
r-oldrel-macos-arm64 0.2.2 160.00 NOTE
r-oldrel-macos-x86_64 0.2.2 352.00 NOTE
r-oldrel-windows-x86_64 0.2.2 60.00 411.00 471.00 OK

Check Details

Version: 0.2.2
Check: examples
Result: ERROR Running examples in ‘RCPA-Ex.R’ failed The error most likely occurred in: > ### Name: getEntrezAnnotation > ### Title: Get Entrez annotation > ### Aliases: getEntrezAnnotation > > ### ** Examples > > > library(RCPA) > geneAnno <- getEntrezAnnotation(c("77267466", "77267467")) No encoding supplied: defaulting to UTF-8. Warning in getEntrezAnnotation(c("77267466", "77267467")) : The data source is temporarily unvailable. Please try it again later or contact the maintainer(s) to solve this issue. Execution halted Flavor: r-devel-linux-x86_64-fedora-clang

Version: 0.2.2
Check: package dependencies
Result: NOTE Package suggested but not available for checking: ‘hgu133plus2.db’ Flavor: r-release-macos-arm64

Version: 0.2.2
Check: package dependencies
Result: NOTE Packages suggested but not available for checking: 'ROntoTools', 'hgu133plus2.db', 'oligo' Flavors: r-oldrel-macos-arm64, r-oldrel-macos-x86_64