CRAN Package Check Results for Package ReacTran

Last updated on 2024-07-25 16:46:22 CEST.

Flavor Version Tinstall Tcheck Ttotal Status Flags
r-devel-linux-x86_64-debian-clang 1.4.3.1 11.39 84.83 96.22 NOTE
r-devel-linux-x86_64-debian-gcc 1.4.3.1 9.31 63.37 72.68 NOTE
r-devel-linux-x86_64-fedora-clang 1.4.3.1 122.03 NOTE
r-devel-linux-x86_64-fedora-gcc 1.4.3.1 135.92 NOTE
r-devel-windows-x86_64 1.4.3.1 12.00 122.00 134.00 NOTE
r-patched-linux-x86_64 1.4.3.1 NOTE
r-release-linux-x86_64 1.4.3.1 10.83 82.80 93.63 NOTE
r-release-macos-arm64 1.4.3.1 40.00 NOTE
r-release-macos-x86_64 1.4.3.1 63.00 NOTE
r-release-windows-x86_64 1.4.3.1 12.00 119.00 131.00 NOTE
r-oldrel-macos-arm64 1.4.3.1 42.00 NOTE
r-oldrel-macos-x86_64 1.4.3.1 80.00 NOTE
r-oldrel-windows-x86_64 1.4.3.1 12.00 111.00 123.00 NOTE

Check Details

Version: 1.4.3.1
Check: LazyData
Result: NOTE 'LazyData' is specified without a 'data' directory Flavors: r-devel-linux-x86_64-debian-clang, r-devel-linux-x86_64-debian-gcc, r-devel-linux-x86_64-fedora-clang, r-devel-linux-x86_64-fedora-gcc, r-devel-windows-x86_64, r-patched-linux-x86_64, r-release-linux-x86_64, r-release-macos-arm64, r-release-macos-x86_64, r-release-windows-x86_64, r-oldrel-macos-arm64, r-oldrel-macos-x86_64, r-oldrel-windows-x86_64

Version: 1.4.3.1
Check: Rd cross-references
Result: NOTE Found the following Rd file(s) with Rd \link{} targets missing package anchors: ReacTran.Rd: ode.1D, ode.2D, ode.3D, steady.1D, steady.2D, steady.3D advection.Rd: euler, ode.1D Please provide package anchors for all Rd \link{} targets not in the package itself and the base packages. Flavors: r-devel-linux-x86_64-debian-gcc, r-devel-windows-x86_64