CRAN Package Check Results for Package SIBERG

Last updated on 2024-05-30 09:56:25 CEST.

Flavor Version Tinstall Tcheck Ttotal Status Flags
r-devel-linux-x86_64-debian-clang 2.0.3 2.47 35.54 38.01 OK
r-devel-linux-x86_64-debian-gcc 2.0.3 2.02 27.01 29.03 OK
r-devel-linux-x86_64-fedora-clang 2.0.3 52.10 OK
r-devel-linux-x86_64-fedora-gcc 2.0.3 59.82 OK
r-devel-windows-x86_64 2.0.3 3.00 64.00 67.00 OK
r-patched-linux-x86_64 2.0.3 2.52 34.24 36.76 OK
r-release-linux-x86_64 2.0.3 2.80 34.27 37.07 OK
r-release-macos-arm64 2.0.3 24.00 OK
r-release-windows-x86_64 2.0.3 4.00 66.00 70.00 OK
r-oldrel-macos-arm64 2.0.3 25.00 OK
r-oldrel-macos-x86_64 2.0.3 28.00 NOTE
r-oldrel-windows-x86_64 2.0.3 4.00 61.00 65.00 OK

Check Details

Version: 2.0.3
Check: package dependencies
Result: NOTE Package suggested but not available for checking: ‘edgeR’ Flavor: r-oldrel-macos-x86_64

Version: 2.0.3
Check: re-building of vignette outputs
Result: NOTE Note: skipping ‘SIBER.Rnw’ due to unavailable dependencies: 'edgeR' Flavor: r-oldrel-macos-x86_64