CRAN Package Check Results for Package SemNeT

Last updated on 2024-07-14 00:55:34 CEST.

Flavor Version Tinstall Tcheck Ttotal Status Flags
r-devel-linux-x86_64-debian-clang 1.4.4 11.55 104.12 115.67 NOTE
r-devel-linux-x86_64-debian-gcc 1.4.4 11.42 75.64 87.06 NOTE
r-devel-linux-x86_64-fedora-clang 1.4.4 148.62 NOTE
r-devel-linux-x86_64-fedora-gcc 1.4.4 138.26 NOTE
r-devel-windows-x86_64 1.4.4 14.00 102.00 116.00 NOTE
r-patched-linux-x86_64 1.4.4 21.30 96.23 117.53 NOTE
r-release-linux-x86_64 1.4.4 9.38 100.41 109.79 NOTE
r-release-macos-arm64 1.4.4 41.00 NOTE
r-release-macos-x86_64 1.4.4 61.00 NOTE
r-release-windows-x86_64 1.4.4 14.00 101.00 115.00 NOTE
r-oldrel-macos-arm64 1.4.4 41.00 OK
r-oldrel-macos-x86_64 1.4.4 98.00 OK
r-oldrel-windows-x86_64 1.4.4 17.00 119.00 136.00 OK

Check Details

Version: 1.4.4
Check: Rd files
Result: NOTE checkRd: (-1) NRW.Rd:20: Lost braces in \itemize; meant \describe ? checkRd: (-1) NRW.Rd:23: Lost braces in \itemize; meant \describe ? checkRd: (-1) bootSemNeT.Rd:31: Lost braces in \itemize; meant \describe ? checkRd: (-1) bootSemNeT.Rd:34: Lost braces in \itemize; meant \describe ? checkRd: (-1) bootSemNeT.Rd:37: Lost braces in \itemize; meant \describe ? checkRd: (-1) bootSemNeT.Rd:40: Lost braces in \itemize; meant \describe ? checkRd: (-1) bootSemNeT.Rd:53-54: Lost braces in \itemize; meant \describe ? checkRd: (-1) bootSemNeT.Rd:57-58: Lost braces in \itemize; meant \describe ? checkRd: (-1) compare_nets.Rd:62: Lost braces in \itemize; meant \describe ? checkRd: (-1) compare_nets.Rd:64: Lost braces in \itemize; meant \describe ? checkRd: (-1) compare_nets.Rd:66: Lost braces in \itemize; meant \describe ? checkRd: (-1) compare_nets.Rd:32: Lost braces in \itemize; meant \describe ? checkRd: (-1) compare_nets.Rd:35: Lost braces in \itemize; meant \describe ? checkRd: (-1) plot.compareShiny.Rd:27: Lost braces in \itemize; meant \describe ? checkRd: (-1) plot.compareShiny.Rd:29: Lost braces in \itemize; meant \describe ? checkRd: (-1) plot.compareShiny.Rd:31: Lost braces in \itemize; meant \describe ? checkRd: (-1) test.bootSemNeT.Rd:24: Lost braces in \itemize; meant \describe ? checkRd: (-1) test.bootSemNeT.Rd:27-28: Lost braces in \itemize; meant \describe ? checkRd: (-1) test.bootSemNeT.Rd:31-33: Lost braces in \itemize; meant \describe ? checkRd: (-1) test.bootSemNeT.Rd:41: Lost braces in \itemize; meant \describe ? checkRd: (-1) test.bootSemNeT.Rd:44: Lost braces in \itemize; meant \describe ? checkRd: (-1) test.bootSemNeT.Rd:47: Lost braces in \itemize; meant \describe ? Flavors: r-devel-linux-x86_64-debian-clang, r-devel-linux-x86_64-debian-gcc, r-devel-linux-x86_64-fedora-clang, r-devel-linux-x86_64-fedora-gcc, r-devel-windows-x86_64, r-patched-linux-x86_64, r-release-linux-x86_64, r-release-macos-arm64, r-release-macos-x86_64, r-release-windows-x86_64

Version: 1.4.4
Check: Rd cross-references
Result: NOTE Found the following Rd file(s) with Rd \link{} targets missing package anchors: convert2igraph.Rd: igraph Please provide package anchors for all Rd \link{} targets not in the package itself and the base packages. Flavor: r-devel-windows-x86_64