CRAN Package Check Results for Package SemiPar

Last updated on 2024-07-24 16:54:01 CEST.

Flavor Version Tinstall Tcheck Ttotal Status Flags
r-devel-linux-x86_64-debian-clang 1.0-4.2 4.92 61.30 66.22 OK
r-devel-linux-x86_64-debian-gcc 1.0-4.2 3.55 45.23 48.78 NOTE
r-devel-linux-x86_64-fedora-clang 1.0-4.2 83.92 OK
r-devel-linux-x86_64-fedora-gcc 1.0-4.2 79.24 OK
r-devel-windows-x86_64 1.0-4.2 6.00 69.00 75.00 NOTE
r-patched-linux-x86_64 1.0-4.2 5.33 55.81 61.14 OK
r-release-linux-x86_64 1.0-4.2 4.93 57.05 61.98 OK
r-release-macos-arm64 1.0-4.2 29.00 OK
r-release-macos-x86_64 1.0-4.2 40.00 OK
r-release-windows-x86_64 1.0-4.2 7.00 70.00 77.00 OK
r-oldrel-macos-arm64 1.0-4.2 29.00 OK
r-oldrel-macos-x86_64 1.0-4.2 42.00 OK
r-oldrel-windows-x86_64 1.0-4.2 8.00 75.00 83.00 OK

Check Details

Version: 1.0-4.2
Check: Rd cross-references
Result: NOTE Found the following Rd file(s) with Rd \link{} targets missing package anchors: spm.Rd: gam, lme, glmmPQL Please provide package anchors for all Rd \link{} targets not in the package itself and the base packages. Flavors: r-devel-linux-x86_64-debian-gcc, r-devel-windows-x86_64