CRAN Package Check Results for Package ShapleyValue

Last updated on 2024-06-16 00:58:31 CEST.

Flavor Version Tinstall Tcheck Ttotal Status Flags
r-devel-linux-x86_64-debian-clang 0.2.0 2.20 30.43 32.63 OK
r-devel-linux-x86_64-debian-gcc 0.2.0 1.61 23.67 25.28 OK
r-devel-linux-x86_64-fedora-clang 0.2.0 43.19 NOTE
r-devel-linux-x86_64-fedora-gcc 0.2.0 53.08 NOTE
r-devel-windows-x86_64 0.2.0 3.00 60955.00 60958.00 OK
r-patched-linux-x86_64 0.2.0 1.62 30.42 32.04 OK
r-release-linux-x86_64 0.2.0 1.60 29.32 30.92 OK
r-release-macos-arm64 0.2.0 23.00 OK
r-release-macos-x86_64 0.2.0 43.00 OK
r-release-windows-x86_64 0.2.0 4.00 47.00 51.00 OK
r-oldrel-macos-arm64 0.2.0 27.00 OK
r-oldrel-macos-x86_64 0.2.0 38.00 OK
r-oldrel-windows-x86_64 0.2.0 4.00 48.00 52.00 OK

Check Details

Version: 0.2.0
Check: dependencies in R code
Result: NOTE Namespaces in Imports field not imported from: ‘MASS’ ‘kableExtra’ ‘tidyverse’ All declared Imports should be used. Flavors: r-devel-linux-x86_64-fedora-clang, r-devel-linux-x86_64-fedora-gcc