CRAN Package Check Results for Package Sleuth3

Last updated on 2024-06-23 16:56:32 CEST.

Flavor Version Tinstall Tcheck Ttotal Status Flags
r-devel-linux-x86_64-debian-clang 1.0-6 5.60 300.26 305.86 OK
r-devel-linux-x86_64-debian-gcc 1.0-6 4.73 224.79 229.52 OK
r-devel-linux-x86_64-fedora-clang 1.0-6 386.97 NOTE
r-devel-linux-x86_64-fedora-gcc 1.0-6 391.52 OK
r-devel-windows-x86_64 1.0-6 7.00 437.00 444.00 NOTE
r-patched-linux-x86_64 1.0-6 10.38 292.78 303.16 OK
r-release-linux-x86_64 1.0-6 6.17 286.32 292.49 OK
r-release-macos-arm64 1.0-6 120.00 NOTE
r-release-macos-x86_64 1.0-6 194.00 WARN
r-release-windows-x86_64 1.0-6 8.00 437.00 445.00 NOTE
r-oldrel-macos-arm64 1.0-6 138.00 NOTE
r-oldrel-macos-x86_64 1.0-6 382.00 NOTE
r-oldrel-windows-x86_64 1.0-6 8.00 472.00 480.00 NOTE

Check Details

Version: 1.0-6
Check: installed package size
Result: NOTE installed size is 5.8Mb sub-directories of 1Mb or more: doc 4.5Mb Flavors: r-devel-linux-x86_64-fedora-clang, r-devel-windows-x86_64, r-release-macos-arm64, r-release-macos-x86_64, r-release-windows-x86_64, r-oldrel-macos-arm64, r-oldrel-macos-x86_64, r-oldrel-windows-x86_64

Version: 1.0-6
Check: re-building of vignette outputs
Result: WARN Error(s) in re-building vignettes: --- re-building ‘chapter01-HortonMosaic.Rnw’ using knitr Error: processing vignette 'chapter01-HortonMosaic.Rnw' failed with diagnostics: Running 'texi2dvi' on 'chapter01-HortonMosaic.tex' failed. LaTeX errors: ! Undefined control sequence. l.174 \hldef {> }\hlkwd{install.packages}\hldef{(}\hlsng{'mosaic'}\hldef{)} ... ? ! Emergency stop. l.174 End of file on the terminal! ! ==> Fatal error occurred, no output PDF file produced! --- failed re-building ‘chapter01-HortonMosaic.Rnw’ --- re-building ‘chapter02-HortonMosaic.Rnw’ using knitr Error: processing vignette 'chapter02-HortonMosaic.Rnw' failed with diagnostics: Running 'texi2dvi' on 'chapter02-HortonMosaic.tex' failed. LaTeX errors: ! Undefined control sequence. l.177 \hldef {> }\hlkwd{install.packages}\hldef{(}\hlsng{'mosaic'}\hldef{)} ... ? ! Emergency stop. l.177 End of file on the terminal! ! ==> Fatal error occurred, no output PDF file produced! --- failed re-building ‘chapter02-HortonMosaic.Rnw’ --- re-building ‘chapter03-HortonMosaic.Rnw’ using knitr Error: processing vignette 'chapter03-HortonMosaic.Rnw' failed with diagnostics: Running 'texi2dvi' on 'chapter03-HortonMosaic.tex' failed. LaTeX errors: ! Undefined control sequence. l.177 \hldef {> }\hlkwd{install.packages}\hldef{(}\hlsng{'mosaic'}\hldef{)} ... ? ! Emergency stop. l.177 End of file on the terminal! ! ==> Fatal error occurred, no output PDF file produced! --- failed re-building ‘chapter03-HortonMosaic.Rnw’ --- re-building ‘chapter04-HortonMosaic.Rnw’ using knitr Warning in wilcox.test.default(x = DATA[[1L]], y = DATA[[2L]], ...) : cannot compute exact p-value with ties Warning in wilcox.test.default(x = DATA[[1L]], y = DATA[[2L]], ...) : cannot compute exact confidence intervals with ties Warning in wilcox.test.default(x = DATA[[1L]], y = DATA[[2L]], ...) : cannot compute exact p-value with ties Warning in wilcox.test.default(x = DATA[[1L]], y = DATA[[2L]], ...) : cannot compute exact confidence intervals with ties Warning in wilcox.test.default(x = DATA[[1L]], y = DATA[[2L]], ...) : cannot compute exact p-value with ties Warning in wilcox.test.default(x = DATA[[1L]], y = DATA[[2L]], ...) : cannot compute exact confidence intervals with ties Error: processing vignette 'chapter04-HortonMosaic.Rnw' failed with diagnostics: Running 'texi2dvi' on 'chapter04-HortonMosaic.tex' failed. LaTeX errors: ! Undefined control sequence. l.177 \hldef {> }\hlkwd{install.packages}\hldef{(}\hlsng{'mosaic'}\hldef{)} ... ? ! Emergency stop. l.177 End of file on the terminal! ! ==> Fatal error occurred, no output PDF file produced! --- failed re-building ‘chapter04-HortonMosaic.Rnw’ --- re-building ‘chapter05-HortonMosaic.Rnw’ using knitr Error: processing vignette 'chapter05-HortonMosaic.Rnw' failed with diagnostics: Running 'texi2dvi' on 'chapter05-HortonMosaic.tex' failed. LaTeX errors: ! Undefined control sequence. l.177 \hldef {> }\hlkwd{install.packages}\hldef{(}\hlsng{'mosaic'}\hldef{)} ... ? ! Emergency stop. l.177 End of file on the terminal! ! ==> Fatal error occurred, no output PDF file produced! --- failed re-building ‘chapter05-HortonMosaic.Rnw’ --- re-building ‘chapter06-HortonMosaic.Rnw’ using knitr Error: processing vignette 'chapter06-HortonMosaic.Rnw' failed with diagnostics: Running 'texi2dvi' on 'chapter06-HortonMosaic.tex' failed. LaTeX errors: ! Undefined control sequence. l.176 \hldef {> }\hlkwd{install.packages}\hldef{(}\hlsng{'mosaic'}\hldef{)} ... ? ! Emergency stop. l.176 End of file on the terminal! ! ==> Fatal error occurred, no output PDF file produced! --- failed re-building ‘chapter06-HortonMosaic.Rnw’ --- re-building ‘chapter07-HortonMosaic.Rnw’ using knitr Error: processing vignette 'chapter07-HortonMosaic.Rnw' failed with diagnostics: Running 'texi2dvi' on 'chapter07-HortonMosaic.tex' failed. LaTeX errors: ! Undefined control sequence. l.174 \hldef {> }\hlkwd{install.packages}\hldef{(}\hlsng{'mosaic'}\hldef{)} ... ? ! Emergency stop. l.174 End of file on the terminal! ! ==> Fatal error occurred, no output PDF file produced! --- failed re-building ‘chapter07-HortonMosaic.Rnw’ --- re-building ‘chapter08-HortonMosaic.Rnw’ using knitr Error: processing vignette 'chapter08-HortonMosaic.Rnw' failed with diagnostics: Running 'texi2dvi' on 'chapter08-HortonMosaic.tex' failed. LaTeX errors: ! Undefined control sequence. l.177 \hldef {> }\hlkwd{install.packages}\hldef{(}\hlsng{'mosaic'}\hldef{)} ... ? ! Emergency stop. l.177 End of file on the terminal! ! ==> Fatal error occurred, no output PDF file produced! --- failed re-building ‘chapter08-HortonMosaic.Rnw’ --- re-building ‘chapter09-HortonMosaic.Rnw’ using knitr Error: processing vignette 'chapter09-HortonMosaic.Rnw' failed with diagnostics: Running 'texi2dvi' on 'chapter09-HortonMosaic.tex' failed. LaTeX errors: ! Undefined control sequence. l.177 \hldef {> }\hlkwd{install.packages}\hldef{(}\hlsng{'mosaic'}\hldef{)} ... ? ! Emergency stop. l.177 End of file on the terminal! ! ==> Fatal error occurred, no output PDF file produced! --- failed re-building ‘chapter09-HortonMosaic.Rnw’ --- re-building ‘chapter10-HortonMosaic.Rnw’ using knitr Error: processing vignette 'chapter10-HortonMosaic.Rnw' failed with diagnostics: Running 'texi2dvi' on 'chapter10-HortonMosaic.tex' failed. LaTeX errors: ! Undefined control sequence. l.177 \hldef {> }\hlkwd{install.packages}\hldef{(}\hlsng{'mosaic'}\hldef{)} ... ? ! Emergency stop. l.177 End of file on the terminal! ! ==> Fatal error occurred, no output PDF file produced! --- failed re-building ‘chapter10-HortonMosaic.Rnw’ --- re-building ‘chapter11-HortonMosaic.Rnw’ using knitr Error: processing vignette 'chapter11-HortonMosaic.Rnw' failed with diagnostics: Running 'texi2dvi' on 'chapter11-HortonMosaic.tex' failed. LaTeX errors: ! Undefined control sequence. l.177 \hldef {> }\hlkwd{install.packages}\hldef{(}\hlsng{'mosaic'}\hldef{)} ... ? ! Emergency stop. l.177 End of file on the terminal! ! ==> Fatal error occurred, no output PDF file produced! --- failed re-building ‘chapter11-HortonMosaic.Rnw’ --- re-building ‘chapter12-HortonMosaic.Rnw’ using knitr Error: processing vignette 'chapter12-HortonMosaic.Rnw' failed with diagnostics: Running 'texi2dvi' on 'chapter12-HortonMosaic.tex' failed. LaTeX errors: ! Undefined control sequence. l.172 \hldef {> }\hlkwd{install.packages}\hldef{(}\hlsng{'mosaic'}\hldef{)} ... ? ! Emergency stop. l.172 End of file on the terminal! ! ==> Fatal error occurred, no output PDF file produced! --- failed re-building ‘chapter12-HortonMosaic.Rnw’ --- re-building ‘chapter13-HortonMosaic.Rnw’ using knitr Error: processing vignette 'chapter13-HortonMosaic.Rnw' failed with diagnostics: Running 'texi2dvi' on 'chapter13-HortonMosaic.tex' failed. LaTeX errors: ! Undefined control sequence. l.177 \hldef {> }\hlkwd{install.packages}\hldef{(}\hlsng{'mosaic'}\hldef{)} ... ? ! Emergency stop. l.177 End of file on the terminal! ! ==> Fatal error occurred, no output PDF file produced! --- failed re-building ‘chapter13-HortonMosaic.Rnw’ SUMMARY: processing the following files failed: ‘chapter01-HortonMosaic.Rnw’ ‘chapter02-HortonMosaic.Rnw’ ‘chapter03-HortonMosaic.Rnw’ ‘chapter04-HortonMosaic.Rnw’ ‘chapter05-HortonMosaic.Rnw’ ‘chapter06-HortonMosaic.Rnw’ ‘chapter07-HortonMosaic.Rnw’ ‘chapter08-HortonMosaic.Rnw’ ‘chapter09-HortonMosaic.Rnw’ ‘chapter10-HortonMosaic.Rnw’ ‘chapter11-HortonMosaic.Rnw’ ‘chapter12-HortonMosaic.Rnw’ ‘chapter13-HortonMosaic.Rnw’ Error: Vignette re-building failed. Execution halted Flavor: r-release-macos-x86_64