CRAN Package Check Results for Package SmarterPoland

Last updated on 2024-07-23 16:49:17 CEST.

Flavor Version Tinstall Tcheck Ttotal Status Flags
r-devel-linux-x86_64-debian-clang 1.8.1 67.80 63.96 131.76 NOTE
r-devel-linux-x86_64-debian-gcc 1.8.1 54.17 48.52 102.69 NOTE
r-devel-linux-x86_64-fedora-clang 1.8.1 164.55 NOTE
r-devel-linux-x86_64-fedora-gcc 1.8.1 163.64 NOTE
r-devel-windows-x86_64 1.8.1 57.00 68.00 125.00 NOTE
r-patched-linux-x86_64 1.8.1 66.87 60.87 127.74 NOTE
r-release-linux-x86_64 1.8.1 59.74 60.15 119.89 NOTE
r-release-macos-arm64 1.8.1 62.00 NOTE
r-release-macos-x86_64 1.8.1 85.00 NOTE
r-release-windows-x86_64 1.8.1 57.00 66.00 123.00 NOTE
r-oldrel-macos-arm64 1.8.1 69.00 NOTE
r-oldrel-macos-x86_64 1.8.1 127.00 NOTE
r-oldrel-windows-x86_64 1.8.1 74.00 83.00 157.00 OK

Check Details

Version: 1.8.1
Check: Rd files
Result: NOTE checkRd: (-1) cities_lon_lat.Rd:6: Lost braces 6 | A subset of world.cities{maps}. Extracted in order to shink number of dependencies. | ^ Flavors: r-devel-linux-x86_64-debian-clang, r-devel-linux-x86_64-debian-gcc, r-devel-linux-x86_64-fedora-clang, r-devel-linux-x86_64-fedora-gcc, r-devel-windows-x86_64, r-patched-linux-x86_64, r-release-linux-x86_64, r-release-macos-arm64, r-release-macos-x86_64, r-release-windows-x86_64

Version: 1.8.1
Check: data for non-ASCII characters
Result: NOTE Note: found 1122 marked UTF-8 strings Flavors: r-devel-linux-x86_64-fedora-clang, r-devel-linux-x86_64-fedora-gcc

Version: 1.8.1
Check: installed package size
Result: NOTE installed size is 5.3Mb sub-directories of 1Mb or more: data 5.1Mb Flavors: r-release-macos-arm64, r-release-macos-x86_64, r-oldrel-macos-arm64, r-oldrel-macos-x86_64