CRAN Package Check Results for Package Spectran

Last updated on 2024-07-22 16:57:27 CEST.

Flavor Version Tinstall Tcheck Ttotal Status Flags
r-devel-linux-x86_64-debian-clang 1.0.6 8.54 42.92 51.46 OK
r-devel-linux-x86_64-debian-gcc 1.0.6 5.64 30.98 36.62 OK
r-devel-linux-x86_64-fedora-clang 1.0.6 62.80 NOTE
r-devel-linux-x86_64-fedora-gcc 1.0.6 57.66 NOTE
r-devel-windows-x86_64 1.0.6 10.00 49.00 59.00 OK
r-patched-linux-x86_64 1.0.6 5.73 40.58 46.31 OK
r-release-linux-x86_64 1.0.6 5.18 39.46 44.64 OK
r-release-macos-arm64 1.0.6 23.00 OK
r-release-macos-x86_64 1.0.6 59.00 OK
r-release-windows-x86_64 1.0.6 9.00 49.00 58.00 OK
r-oldrel-macos-arm64 1.0.6 28.00 OK
r-oldrel-macos-x86_64 1.0.6 45.00 OK
r-oldrel-windows-x86_64 1.0.6 11.00 58.00 69.00 OK

Check Details

Version: 1.0.6
Check: package dependencies
Result: NOTE Imports includes 35 non-default packages. Importing from so many packages makes the package vulnerable to any of them becoming unavailable. Move as many as possible to Suggests and use conditionally. Flavor: r-devel-linux-x86_64-fedora-clang

Version: 1.0.6
Check: data for non-ASCII characters
Result: NOTE Note: found 17 marked UTF-8 strings Flavors: r-devel-linux-x86_64-fedora-clang, r-devel-linux-x86_64-fedora-gcc