CRAN Package Check Results for Package StackImpute

Last updated on 2024-06-23 00:56:50 CEST.

Flavor Version Tinstall Tcheck Ttotal Status Flags
r-devel-linux-x86_64-debian-clang 0.1.0 11.73 41.63 53.36 NOTE
r-devel-linux-x86_64-debian-gcc 0.1.0 10.97 32.42 43.39 NOTE
r-devel-linux-x86_64-fedora-clang 0.1.0 69.88 NOTE
r-devel-linux-x86_64-fedora-gcc 0.1.0 80.83 NOTE
r-devel-windows-x86_64 0.1.0 11.00 66.00 77.00 NOTE
r-patched-linux-x86_64 0.1.0 10.45 39.75 50.20 NOTE
r-release-linux-x86_64 0.1.0 11.40 39.60 51.00 NOTE
r-release-macos-arm64 0.1.0 35.00 NOTE
r-release-macos-x86_64 0.1.0 47.00 NOTE
r-release-windows-x86_64 0.1.0 11.00 59.00 70.00 NOTE
r-oldrel-macos-arm64 0.1.0 40.00 OK
r-oldrel-macos-x86_64 0.1.0 53.00 OK
r-oldrel-windows-x86_64 0.1.0 16.00 61.00 77.00 OK

Check Details

Version: 0.1.0
Check: Rd files
Result: NOTE checkRd: (-1) stackExample.Rd:10: Lost braces in \itemize; meant \describe ? checkRd: (-1) stackExample.Rd:11: Lost braces in \itemize; meant \describe ? Flavors: r-devel-linux-x86_64-debian-clang, r-devel-linux-x86_64-debian-gcc, r-devel-linux-x86_64-fedora-clang, r-devel-linux-x86_64-fedora-gcc, r-devel-windows-x86_64, r-patched-linux-x86_64, r-release-linux-x86_64, r-release-macos-arm64, r-release-macos-x86_64, r-release-windows-x86_64

Version: 0.1.0
Check: dependencies in R code
Result: NOTE Namespaces in Imports field not imported from: ‘MASS’ ‘mice’ ‘sandwich’ ‘zoo’ All declared Imports should be used. Flavors: r-devel-linux-x86_64-fedora-clang, r-devel-linux-x86_64-fedora-gcc