CRAN Package Check Results for Package Strategy

Last updated on 2024-06-20 08:55:00 CEST.

Flavor Version Tinstall Tcheck Ttotal Status Flags
r-devel-linux-x86_64-debian-clang 1.0.1 7.04 51.70 58.74 NOTE
r-devel-linux-x86_64-debian-gcc 1.0.1 6.49 40.25 46.74 NOTE
r-devel-linux-x86_64-fedora-clang 1.0.1 79.36 NOTE
r-devel-linux-x86_64-fedora-gcc 1.0.1 95.92 NOTE
r-devel-windows-x86_64 1.0.1 8.00 64.00 72.00 OK
r-patched-linux-x86_64 1.0.1 8.37 52.33 60.70 NOTE
r-release-linux-x86_64 1.0.1 8.14 50.10 58.24 NOTE
r-release-macos-arm64 1.0.1 34.00 OK
r-release-macos-x86_64 1.0.1 54.00 OK
r-release-windows-x86_64 1.0.1 8.00 64.00 72.00 OK
r-oldrel-macos-arm64 1.0.1 35.00 OK
r-oldrel-macos-x86_64 1.0.1 53.00 OK
r-oldrel-windows-x86_64 1.0.1 11.00 71.00 82.00 OK

Check Details

Version: 1.0.1
Check: for non-standard things in the check directory
Result: NOTE Found the following files/directories: ‘myNewStrat.R’ Flavors: r-devel-linux-x86_64-debian-clang, r-devel-linux-x86_64-debian-gcc, r-devel-linux-x86_64-fedora-clang, r-devel-linux-x86_64-fedora-gcc, r-patched-linux-x86_64, r-release-linux-x86_64