CRAN Package Check Results for Package SynthTools

Last updated on 2024-05-21 16:53:34 CEST.

Flavor Version Tinstall Tcheck Ttotal Status Flags
r-devel-linux-x86_64-debian-clang 1.0.1 2.82 35.49 38.31 OK
r-devel-linux-x86_64-debian-gcc 1.0.1 2.16 27.03 29.19 OK
r-devel-linux-x86_64-fedora-clang 1.0.1 48.54 NOTE
r-devel-linux-x86_64-fedora-gcc 1.0.1 44.81 NOTE
r-devel-windows-x86_64 1.0.1 4.00 55.00 59.00 OK
r-patched-linux-x86_64 1.0.1 2.80 34.05 36.85 OK
r-release-linux-x86_64 1.0.1 2.58 33.17 35.75 OK
r-release-macos-arm64 1.0.1 21.00 OK
r-release-windows-x86_64 1.0.1 4.00 55.00 59.00 OK
r-oldrel-macos-arm64 1.0.1 22.00 OK
r-oldrel-macos-x86_64 1.0.1 29.00 OK
r-oldrel-windows-x86_64 1.0.1 5.00 57.00 62.00 OK

Check Details

Version: 1.0.1
Check: dependencies in R code
Result: NOTE Namespace in Imports field not imported from: ‘utils’ All declared Imports should be used. Flavors: r-devel-linux-x86_64-fedora-clang, r-devel-linux-x86_64-fedora-gcc